--
-- Host: localhost    Database: app
-- ------------------------------------------------------


--
-- Table structure for table `admins`
--

CREATE TABLE `admins` (
  `id` bigint unsigned NOT NULL AUTO_INCREMENT,
  `name` varchar(255) CHARACTER SET utf8mb4 COLLATE utf8mb4_unicode_ci NOT NULL,
  `email` varchar(255) CHARACTER SET utf8mb4 COLLATE utf8mb4_unicode_ci NOT NULL,
  `email_verified_at` timestamp NULL DEFAULT NULL,
  `password` varchar(255) CHARACTER SET utf8mb4 COLLATE utf8mb4_unicode_ci NOT NULL,
  `remember_token` varchar(100) CHARACTER SET utf8mb4 COLLATE utf8mb4_unicode_ci DEFAULT NULL,
  `created_at` timestamp NULL DEFAULT NULL,
  `updated_at` timestamp NULL DEFAULT NULL,
  PRIMARY KEY (`id`),
  UNIQUE KEY `admins_email_unique` (`email`)
) ENGINE=InnoDB AUTO_INCREMENT=2 DEFAULT CHARSET=utf8mb4 COLLATE=utf8mb4_unicode_ci;

--
-- Dumping data for table `admins`
--

INSERT INTO `admins` VALUES (1,'Stizee Admin','admin@admin.com',NULL,'$2y$12$f5YcSThSIDUl8WtGPYQwDeUzIPYPK/I9sMPyaB7DIdaEzjqVDrVG6',NULL,NULL,'2025-08-01 16:46:03');

--
-- Table structure for table `cache`
--

CREATE TABLE `cache` (
  `key` varchar(255) COLLATE utf8mb4_unicode_ci NOT NULL,
  `value` mediumtext COLLATE utf8mb4_unicode_ci NOT NULL,
  `expiration` int NOT NULL,
  PRIMARY KEY (`key`)
) ENGINE=InnoDB DEFAULT CHARSET=utf8mb4 COLLATE=utf8mb4_unicode_ci;

--
-- Dumping data for table `cache`
--


--
-- Table structure for table `cache_locks`
--

CREATE TABLE `cache_locks` (
  `key` varchar(255) COLLATE utf8mb4_unicode_ci NOT NULL,
  `owner` varchar(255) COLLATE utf8mb4_unicode_ci NOT NULL,
  `expiration` int NOT NULL,
  PRIMARY KEY (`key`)
) ENGINE=InnoDB DEFAULT CHARSET=utf8mb4 COLLATE=utf8mb4_unicode_ci;

--
-- Dumping data for table `cache_locks`
--


--
-- Table structure for table `category`
--

CREATE TABLE `category` (
  `id` int NOT NULL AUTO_INCREMENT,
  `title` text NOT NULL,
  `created_at` timestamp NOT NULL DEFAULT CURRENT_TIMESTAMP,
  PRIMARY KEY (`id`)
) ENGINE=InnoDB AUTO_INCREMENT=13 DEFAULT CHARSET=utf8mb4 COLLATE=utf8mb4_0900_ai_ci;

--
-- Dumping data for table `category`
--

INSERT INTO `category` VALUES (1,'T-shirt','2025-03-09 13:57:26'),(2,'Shoes','2025-03-09 13:57:26'),(3,'Flyer','2025-03-09 13:57:26'),(4,'Books','2025-03-09 13:57:26'),(5,'Classification','2025-06-19 14:32:23'),(6,'Regression','2025-06-19 14:32:23'),(7,'Clustering','2025-06-19 14:32:23'),(8,'Anomaly Detection','2025-06-19 14:32:23'),(9,'Ranking','2025-06-19 14:32:23');

--
-- Table structure for table `failed_jobs`
--

CREATE TABLE `failed_jobs` (
  `id` bigint unsigned NOT NULL AUTO_INCREMENT,
  `uuid` varchar(255) COLLATE utf8mb4_unicode_ci NOT NULL,
  `connection` text COLLATE utf8mb4_unicode_ci NOT NULL,
  `queue` text COLLATE utf8mb4_unicode_ci NOT NULL,
  `payload` longtext COLLATE utf8mb4_unicode_ci NOT NULL,
  `exception` longtext COLLATE utf8mb4_unicode_ci NOT NULL,
  `failed_at` timestamp NOT NULL DEFAULT CURRENT_TIMESTAMP,
  PRIMARY KEY (`id`),
  UNIQUE KEY `failed_jobs_uuid_unique` (`uuid`)
) ENGINE=InnoDB DEFAULT CHARSET=utf8mb4 COLLATE=utf8mb4_unicode_ci;

--
-- Dumping data for table `failed_jobs`
--


--
-- Table structure for table `frames`
--

CREATE TABLE `frames` (
  `id` int NOT NULL AUTO_INCREMENT,
  `image` text,
  `type` varchar(255) DEFAULT NULL,
  `created_at` timestamp NOT NULL DEFAULT CURRENT_TIMESTAMP,
  PRIMARY KEY (`id`)
) ENGINE=InnoDB AUTO_INCREMENT=5 DEFAULT CHARSET=utf8mb4 COLLATE=utf8mb4_0900_ai_ci;

--
-- Dumping data for table `frames`
--

INSERT INTO `frames` VALUES (1,'https://stizee.com/frame1.png','Frame 1','2025-03-21 10:23:31'),(2,'https://stizee.com/frame2.png','Frame 2','2025-03-21 10:23:31'),(3,'https://stizee.com/frame3.png','Frame 3','2025-03-21 10:24:04'),(4,'https://stizee.com/frame4.png','Frame 4','2025-03-21 10:24:04');

--
-- Table structure for table `images`
--

CREATE TABLE `images` (
  `id` int NOT NULL AUTO_INCREMENT,
  `color` varchar(255) DEFAULT '',
  `sizes` text,
  `product_id` int NOT NULL,
  `price` varchar(255) CHARACTER SET utf8mb4 COLLATE utf8mb4_0900_ai_ci NOT NULL DEFAULT '0',
  `backimage` varchar(255) DEFAULT NULL,
  `image` text NOT NULL,
  `created_at` timestamp NOT NULL DEFAULT CURRENT_TIMESTAMP,
  PRIMARY KEY (`id`)
) ENGINE=InnoDB AUTO_INCREMENT=85 DEFAULT CHARSET=utf8mb4 COLLATE=utf8mb4_0900_ai_ci;

--
-- Dumping data for table `images`
--

INSERT INTO `images` VALUES (2,'#FFFFFF','[\"XS\", \"S\", \"M\", \"L\", \"XL\", \"XXL\", \"XXXL\"]',1,'50',NULL,'https://stizee.com/clothes/white.png','2025-03-12 14:53:39'),(3,'#FF0000','[\"XS\", \"S\", \"M\", \"L\", \"XL\", \"XXL\", \"XXXL\"]',1,'50',NULL,'https://stizee.com/clothes/red.jpg','2025-03-12 14:53:39'),(4,'#FFFF00','[\"XS\", \"S\", \"M\", \"L\", \"XL\", \"XXL\", \"XXXL\"]',1,'50',NULL,'https://stizee.com/clothes/gold.webp','2025-03-12 14:53:39'),(11,'#0000FF','[\"XS\", \"S\", \"M\", \"L\", \"XL\", \"XXL\", \"XXXL\"]',3,'50',NULL,'https://stizee.com/clothes/blue.png','2025-03-12 14:53:39'),(12,'#FFFFFF','[\"XS\", \"S\", \"M\", \"L\", \"XL\", \"XXL\", \"XXXL\"]',3,'50',NULL,'https://stizee.com/clothes/white.png','2025-03-12 14:53:39'),(13,'#FF0000','[\"XS\", \"S\", \"M\", \"L\", \"XL\", \"XXL\", \"XXXL\"]',3,'50',NULL,'https://stizee.com/clothes/red.jpg','2025-03-12 14:53:39'),(14,'#FFFF00','[\"XS\", \"S\", \"M\", \"L\", \"XL\", \"XXL\", \"XXXL\"]',3,'50',NULL,'https://stizee.com/clothes/gold.webp','2025-03-12 14:53:39'),(15,'#008000','[\"XS\", \"S\", \"M\", \"L\", \"XL\", \"XXL\", \"XXXL\"]',3,'50',NULL,'https://stizee.com/clothes/greens.png','2025-03-12 14:53:39'),(16,'#0000FF','[\"XS\", \"S\", \"M\", \"L\", \"XL\", \"XXL\", \"XXXL\"]',3,'50',NULL,'https://stizee.com/clothes/blue.png','2025-03-12 14:53:39'),(17,'red','[\"S\",\"M\",\"XXL\"]',4,'222',NULL,'https://stizee.com/uploadedimages/1750329500_6853e89c17561.jpg','2025-06-19 10:38:20'),(59,'#0000FF','[\"XS\",\"S\",\"M\",\"L\",\"XL\",\"XXL\",\"XXXL\"]',2,'50',NULL,'https://stizee.com/clothes/blue.png','2025-06-20 16:35:42'),(60,'#FFFFFF','[\"XS\",\"S\",\"M\",\"L\",\"XL\",\"XXL\",\"XXXL\"]',2,'50',NULL,'https://stizee.com/clothes/white.png','2025-06-20 16:35:42'),(61,'#FF0000','[\"XS\",\"S\",\"M\",\"L\",\"XL\",\"XXL\",\"XXXL\"]',2,'50',NULL,'https://stizee.com/clothes/red.jpg','2025-06-20 16:35:42'),(62,'#FFFF00','[\"XS\",\"S\",\"M\",\"L\",\"XL\",\"XXL\",\"XXXL\"]',2,'50',NULL,'https://stizee.com/clothes/gold.webp','2025-06-20 16:35:42'),(63,'#008000','[\"XS\",\"S\",\"M\",\"L\",\"XL\",\"XXL\",\"XXXL\"]',2,'50',NULL,'https://stizee.com/uploadedimages/1750437341_68558dddc35ec.jpg','2025-06-20 16:35:42'),(64,'black','[\"XS\"]',16,'200',NULL,'https://stizee.com/uploadedimages/1751532444_6866439cb970e.jpg','2025-07-03 08:47:25'),(65,'err','[\"M\"]',17,'200',NULL,'https://stizee.com/uploadedimages/1752172500_687007d4687d9.png','2025-07-10 18:35:01'),(73,'guy','[\"L\",\"XS\"]',18,'66','https://stizee.com/uploadedimages/1752189314_6870498261f7b.jpg','https://stizee.com/uploadedimages/1752187169_687041218c9e5.jpg','2025-07-11 13:44:48'),(74,'hg','[\"L\",\"XXXL\"]',18,'50','https://stizee.com/uploadedimages/1752241488_687115502a42b.png','https://stizee.com/uploadedimages/1752241486_6871154ecb8d8.jpg','2025-07-11 13:44:48'),(75,'red','S',19,'500','https://stizee.com/uploadedimages/1752496164_6874f824812be.png','https://stizee.com/uploadedimages/1752496163_6874f823017f9.png','2025-07-14 12:29:25'),(78,'rrr','XXXL',20,'800','https://stizee.com/uploadedimages/1752501372_68750c7c970de.jpg','https://stizee.com/uploadedimages/1752501371_68750c7b033c8.jpg','2025-07-14 14:29:39'),(80,'Ipsum dolores pariat','[\"S\"]',22,'520','https://stizee.com','https://stizee.com/uploads/variants/1753376734_variant_Screenshot 2025-07-24 at 17.18.54.png','2025-07-24 17:05:34'),(82,'red','[\"M\"]',22,'222',NULL,'https://stizee.com/default.png','2025-07-24 19:13:23'),(83,'efsd','[\"XS\"]',22,'700',NULL,'https://stizee.com/default.png','2025-07-24 19:13:38'),(84,'red','S',24,'22',NULL,'https://stizee.com/uploads/variants/1754939535_variant_book2.JPG','2025-08-11 19:12:15');

--
-- Table structure for table `job_batches`
--

CREATE TABLE `job_batches` (
  `id` varchar(255) COLLATE utf8mb4_unicode_ci NOT NULL,
  `name` varchar(255) COLLATE utf8mb4_unicode_ci NOT NULL,
  `total_jobs` int NOT NULL,
  `pending_jobs` int NOT NULL,
  `failed_jobs` int NOT NULL,
  `failed_job_ids` longtext COLLATE utf8mb4_unicode_ci NOT NULL,
  `options` mediumtext COLLATE utf8mb4_unicode_ci,
  `cancelled_at` int DEFAULT NULL,
  `created_at` int NOT NULL,
  `finished_at` int DEFAULT NULL,
  PRIMARY KEY (`id`)
) ENGINE=InnoDB DEFAULT CHARSET=utf8mb4 COLLATE=utf8mb4_unicode_ci;

--
-- Dumping data for table `job_batches`
--


--
-- Table structure for table `jobs`
--

CREATE TABLE `jobs` (
  `id` bigint unsigned NOT NULL AUTO_INCREMENT,
  `queue` varchar(255) COLLATE utf8mb4_unicode_ci NOT NULL,
  `payload` longtext COLLATE utf8mb4_unicode_ci NOT NULL,
  `attempts` tinyint unsigned NOT NULL,
  `reserved_at` int unsigned DEFAULT NULL,
  `available_at` int unsigned NOT NULL,
  `created_at` int unsigned NOT NULL,
  PRIMARY KEY (`id`),
  KEY `jobs_queue_index` (`queue`)
) ENGINE=InnoDB DEFAULT CHARSET=utf8mb4 COLLATE=utf8mb4_unicode_ci;

--
-- Dumping data for table `jobs`
--


--
-- Table structure for table `migrations`
--

CREATE TABLE `migrations` (
  `id` int unsigned NOT NULL AUTO_INCREMENT,
  `migration` varchar(255) COLLATE utf8mb4_unicode_ci NOT NULL,
  `batch` int NOT NULL,
  PRIMARY KEY (`id`)
) ENGINE=InnoDB AUTO_INCREMENT=5 DEFAULT CHARSET=utf8mb4 COLLATE=utf8mb4_unicode_ci;

--
-- Dumping data for table `migrations`
--

INSERT INTO `migrations` VALUES (1,'0001_01_01_000000_create_users_table',1),(2,'0001_01_01_000001_create_cache_table',1),(3,'0001_01_01_000002_create_jobs_table',1),(4,'2025_03_04_190002_create_personal_access_tokens_table',2);

--
-- Table structure for table `notifications`
--

CREATE TABLE `notifications` (
  `id` int NOT NULL AUTO_INCREMENT,
  `text` text,
  `type` varchar(200) NOT NULL DEFAULT 'general',
  `userid` int DEFAULT NULL,
  `created_at` timestamp NOT NULL DEFAULT CURRENT_TIMESTAMP,
  PRIMARY KEY (`id`)
) ENGINE=InnoDB AUTO_INCREMENT=10 DEFAULT CHARSET=utf8mb4 COLLATE=utf8mb4_0900_ai_ci;

--
-- Dumping data for table `notifications`
--

INSERT INTO `notifications` VALUES (1,'dfsfsdf','notification',39,'2025-07-28 15:08:46'),(2,'dfsfsdf','notification',40,'2025-07-28 15:08:46'),(3,'dfsfsdf','notification',44,'2025-07-28 15:08:46'),(4,'dfsfsdf','notification',45,'2025-07-28 15:08:46'),(5,'dfsfsdf','notification',46,'2025-07-28 15:08:46'),(6,'dfsfsdf','notification',47,'2025-07-28 15:08:46'),(7,'dfsfsdf','notification',48,'2025-07-28 15:08:46'),(8,'dfsfsdf','notification',49,'2025-07-28 15:08:46'),(9,'dfsfsdf','notification',50,'2025-07-28 15:08:46');

--
-- Table structure for table `order_image`
--

CREATE TABLE `order_image` (
  `id` int NOT NULL AUTO_INCREMENT,
  `image` text,
  `order_id` int DEFAULT NULL,
  `printSize` text,
  `edits` text,
  `created_at` timestamp NOT NULL DEFAULT CURRENT_TIMESTAMP,
  PRIMARY KEY (`id`)
) ENGINE=InnoDB AUTO_INCREMENT=20 DEFAULT CHARSET=utf8mb4 COLLATE=utf8mb4_0900_ai_ci;

--
-- Dumping data for table `order_image`
--

INSERT INTO `order_image` VALUES (1,'uploads/orders/1/img_67fd053052ac8.png',1,NULL,NULL,'2025-04-14 12:53:04'),(2,'uploads/orders/2/img_67fd0566cc01a.jpg',2,'4×6\"','{\"brightness\":0,\"contrast\":1,\"saturation\":1}','2025-04-14 12:53:58'),(3,'uploads/orders/2/img_67fd0566cd870.jpg',2,'4×6\"','{\"brightness\":0,\"contrast\":1,\"saturation\":1}','2025-04-14 12:53:58'),(4,'uploads/orders/2/img_67fd0566cebed.jpg',2,'4×6\"','{\"brightness\":0,\"contrast\":1,\"saturation\":1}','2025-04-14 12:53:58'),(5,'uploads/orders/3/img_6816ac8e5d38a.png',3,NULL,NULL,'2025-05-03 23:53:50'),(6,'uploads/orders/4/img_6816c492bb254.png',4,NULL,NULL,'2025-05-04 01:36:18'),(7,'uploads/orders/5/img_681751e7e69cb.png',5,NULL,NULL,'2025-05-04 11:39:19'),(8,'uploads/orders/6/img_682cdfd1dda9d.png',6,NULL,NULL,'2025-05-20 20:02:25'),(9,'uploads/orders/8/img_68362c980e09f.png',8,NULL,NULL,'2025-05-27 21:20:24'),(10,'uploads/orders/9/img_68362d1be602d.png',9,NULL,NULL,'2025-05-27 21:22:35'),(11,'uploads/orders/10/img_6845c13b63640.png',10,NULL,NULL,'2025-06-08 16:58:35'),(12,'uploads/orders/11/img_6845c3032562e.jpg',11,'Custom','{\"brightness\":0,\"contrast\":1,\"saturation\":1}','2025-06-08 17:06:11'),(13,'uploads/orders/11/img_6845c303262ad.jpg',11,'4×6\"','{\"brightness\":0,\"contrast\":1,\"saturation\":1}','2025-06-08 17:06:11'),(14,'uploads/orders/13/img_685583a7d91a0.png',13,NULL,NULL,'2025-06-20 15:52:07'),(15,'uploads/orders/23/img_68631e1ad8486.png',23,NULL,NULL,'2025-06-30 23:30:34'),(16,'uploads/orders/25/img_68a0946bd7142.png',25,NULL,NULL,'2025-08-16 14:23:39'),(17,'uploads/orders/27/img_68a0949382485.png',27,NULL,NULL,'2025-08-16 14:24:19'),(18,'uploads/orders/29/img_68a094d639b06.png',29,NULL,NULL,'2025-08-16 14:25:26'),(19,'uploads/orders/31/img_68a09509645d9.png',31,NULL,NULL,'2025-08-16 14:26:17');

--
-- Table structure for table `order_items`
--

CREATE TABLE `order_items` (
  `id` int NOT NULL AUTO_INCREMENT,
  `order_id` int NOT NULL,
  `user_id` int NOT NULL,
  `product_id` int NOT NULL,
  `item_type` enum('photo','product') NOT NULL DEFAULT 'product',
  `title` varchar(255) DEFAULT '',
  `price` decimal(10,2) NOT NULL DEFAULT '0.00',
  `quantity` int NOT NULL DEFAULT '1',
  `size` varchar(50) DEFAULT NULL,
  `customization_options` json DEFAULT NULL,
  `created_at` timestamp NULL DEFAULT CURRENT_TIMESTAMP,
  `updated_at` timestamp NULL DEFAULT CURRENT_TIMESTAMP ON UPDATE CURRENT_TIMESTAMP,
  PRIMARY KEY (`id`)
) ENGINE=InnoDB AUTO_INCREMENT=42 DEFAULT CHARSET=utf8mb4 COLLATE=utf8mb4_0900_ai_ci;

--
-- Dumping data for table `order_items`
--

INSERT INTO `order_items` VALUES (1,1,44,1,'product','Summer Collection',500.00,1,'XL',NULL,'2025-04-14 12:53:04','2025-04-14 12:53:04'),(2,1,44,2,'product','Winter Edition2',500.00,1,'XXL','{\"text\": \"test\", \"hasText\": true, \"hasImage\": false, \"imagepath\": \"/data/user/0/com.example.stizee/cache/customized_product_1744635146565.png\", \"selectedSize\": \"L\"}','2025-04-14 12:53:04','2025-04-14 12:53:04'),(3,3,44,1,'product','Summer Collection',500.00,1,'XL',NULL,'2025-05-03 23:53:50','2025-05-03 23:53:50'),(4,3,44,1,'product','Summer Collection',500.00,1,'XL','{\"text\": \"test\", \"hasText\": true, \"hasImage\": false, \"imagepath\": \"/Users/user/Library/Developer/CoreSimulator/Devices/5C55A015-7B6A-4701-BF3A-29ABE74479D5/data/Containers/Data/Application/C9286D45-548C-4926-8122-57FAA279DA36/Library/Caches/customized_product_1746316378155.png\", \"selectedSize\": \"XL\"}','2025-05-03 23:53:50','2025-05-03 23:53:50'),(5,4,44,1,'product','Summer Collection',500.00,1,'XL','{\"text\": \"test\", \"hasText\": true, \"hasImage\": false, \"imagepath\": \"/var/mobile/Containers/Data/Application/CA70A891-F9A8-419B-9F20-AABA433414C1/Library/Caches/customized_product_1746322546435.png\", \"selectedSize\": \"XL\"}','2025-05-04 01:36:18','2025-05-04 01:36:18'),(6,5,44,1,'product','Summer Collection',500.00,1,'XL','{\"text\": \"fuck u\", \"hasText\": true, \"hasImage\": false, \"imagepath\": \"/var/mobile/Containers/Data/Application/EC8220CB-EF20-4D0E-A95F-EF37006B83F4/Library/Caches/customized_product_1746358713643.png\", \"selectedSize\": \"XL\"}','2025-05-04 11:39:19','2025-05-04 11:39:19'),(7,6,44,1,'product','Summer Collection',500.00,2,'XL','{\"text\": \"I love myself \", \"hasText\": true, \"hasImage\": true, \"imagepath\": \"/data/user/0/com.example.stizee/cache/customized_product_1747771195372.png\", \"selectedSize\": \"XL\"}','2025-05-20 20:02:25','2025-05-20 20:02:25'),(8,7,44,1,'product','Summer Collection',500.00,1,'XL','{\"hasText\": false, \"hasImage\": false, \"selectedSize\": \"XL\"}','2025-05-27 21:14:55','2025-05-27 21:14:55'),(9,8,44,1,'product','Summer Collection',500.00,1,'XL','{\"hasText\": false, \"hasImage\": false, \"imagepath\": \"/data/user/0/com.example.stizee/cache/customized_product_1_combined_1748380780562.png\", \"selectedSize\": \"XL\"}','2025-05-27 21:20:24','2025-05-27 21:20:24'),(10,9,44,1,'product','Summer Collection',500.00,1,'XL','{\"hasText\": false, \"hasImage\": false, \"imagepath\": \"/data/user/0/com.example.stizee/cache/customized_product_1_combined_1748380930530.png\", \"selectedSize\": \"XL\"}','2025-05-27 21:22:35','2025-05-27 21:22:35'),(11,10,44,1,'product','Summer Collection',500.00,3,'XL','{\"hasText\": false, \"hasImage\": false, \"imagepath\": \"/data/user/0/com.example.stizee/cache/customized_product_1_combined_1749401757125.png\", \"selectedSize\": \"XL\"}','2025-06-08 16:58:35','2025-06-08 16:58:35'),(12,12,44,14,'product','hdhdh',500.00,1,'XL',NULL,'2025-06-20 14:53:29','2025-06-20 14:53:29'),(13,13,44,15,'product','test',5000.00,4,'XL','{\"hasText\": false, \"hasImage\": false, \"imagepath\": \"/var/mobile/Containers/Data/Application/1F64F0DE-CDB0-4C56-BCB5-CB67234B4DFE/Library/Caches/customized_product_15_combined_1750434685922.png\", \"selectedSize\": \"XL\"}','2025-06-20 15:52:07','2025-06-20 15:52:07'),(14,14,44,3,'product','Winter Edition',500.00,1,'XXL',NULL,'2025-06-26 10:08:08','2025-06-26 10:08:08'),(15,15,44,2,'product','Winter Edition2',500.00,1,'XXL',NULL,'2025-06-26 10:09:06','2025-06-26 10:09:06'),(16,16,44,3,'product','Winter Edition',500.00,1,'XXL',NULL,'2025-06-26 12:00:23','2025-06-26 12:00:23'),(17,16,44,1,'product','Summer Collection',500.00,1,'XL',NULL,'2025-06-26 12:00:23','2025-06-26 12:00:23'),(18,16,44,2,'product','Winter Edition2',500.00,1,'XXL',NULL,'2025-06-26 12:00:23','2025-06-26 12:00:23'),(19,16,44,4,'product','fgfdfg',222.00,1,'XL',NULL,'2025-06-26 12:00:23','2025-06-26 12:00:23'),(20,17,44,4,'product','fgfdfg',222.00,1,'XL',NULL,'2025-06-26 12:12:22','2025-06-26 12:12:22'),(21,17,44,3,'product','Winter Edition',500.00,1,'XXL',NULL,'2025-06-26 12:12:22','2025-06-26 12:12:22'),(22,17,44,2,'product','Winter Edition2',500.00,1,'XXL',NULL,'2025-06-26 12:12:22','2025-06-26 12:12:22'),(23,17,44,1,'product','Summer Collection',500.00,1,'XL',NULL,'2025-06-26 12:12:22','2025-06-26 12:12:22'),(24,20,44,4,'product','fgfdfg',222.00,1,'XL',NULL,'2025-06-26 12:25:15','2025-06-26 12:25:15'),(25,20,44,3,'product','Winter Edition',500.00,1,'XXL',NULL,'2025-06-26 12:25:15','2025-06-26 12:25:15'),(26,20,44,2,'product','Winter Edition2',500.00,1,'XXL',NULL,'2025-06-26 12:25:15','2025-06-26 12:25:15'),(27,20,44,1,'product','Summer Collection',500.00,1,'XL',NULL,'2025-06-26 12:25:15','2025-06-26 12:25:15'),(28,21,44,4,'product','fgfdfg',222.00,1,'XL',NULL,'2025-06-26 12:29:49','2025-06-26 12:29:49'),(29,21,44,3,'product','Winter Edition',500.00,1,'XXL',NULL,'2025-06-26 12:29:49','2025-06-26 12:29:49'),(30,21,44,2,'product','Winter Edition2',500.00,1,'XXL',NULL,'2025-06-26 12:29:49','2025-06-26 12:29:49'),(31,21,44,1,'product','Summer Collection',500.00,1,'XL',NULL,'2025-06-26 12:29:49','2025-06-26 12:29:49'),(32,22,44,1,'product','Summer Collection',500.00,1,'XL',NULL,'2025-06-26 12:40:09','2025-06-26 12:40:09'),(33,22,44,3,'product','Winter Edition',500.00,1,'XXL',NULL,'2025-06-26 12:40:09','2025-06-26 12:40:09'),(34,22,44,2,'product','Winter Edition2',500.00,1,'XXL',NULL,'2025-06-26 12:40:09','2025-06-26 12:40:09'),(35,22,44,4,'product','fgfdfg',222.00,1,'XL',NULL,'2025-06-26 12:40:09','2025-06-26 12:40:09'),(36,23,44,2,'product','Winter Edition2',500.00,1,'XXL','{\"hasText\": false, \"hasImage\": false, \"imagepath\": \"/var/mobile/Containers/Data/Application/962BD732-B0DC-4BF3-BD5C-053319B703AE/Library/Caches/customized_product_2_combined_1751326206759.png\", \"selectedSize\": \"XL\"}','2025-06-30 23:30:34','2025-06-30 23:30:34'),(37,24,44,16,'product','cloth uk',200.00,1,'XL',NULL,'2025-07-03 09:04:06','2025-07-03 09:04:06'),(38,25,44,22,'product','Illum consectetur',765.00,1,'XXL','{\"hasText\": false, \"hasImage\": false, \"imagepath\": \"/data/user/0/com.example.stizee/cache/customized_product_22_combined_1755354186227.png\", \"selectedSize\": \"XL\"}','2025-08-16 14:23:39','2025-08-16 14:23:39'),(39,27,44,22,'product','Illum consectetur',765.00,1,'XXL','{\"hasText\": false, \"hasImage\": false, \"imagepath\": \"/data/user/0/com.example.stizee/cache/customized_product_22_combined_1755354186227.png\", \"selectedSize\": \"XL\"}','2025-08-16 14:24:19','2025-08-16 14:24:19'),(40,29,44,22,'product','Illum consectetur',765.00,1,'XXL','{\"hasText\": false, \"hasImage\": false, \"imagepath\": \"/data/user/0/com.example.stizee/cache/customized_product_22_combined_1755354186227.png\", \"selectedSize\": \"XL\"}','2025-08-16 14:25:26','2025-08-16 14:25:26'),(41,31,44,22,'product','Illum consectetur',765.00,1,'XXL','{\"hasText\": false, \"hasImage\": false, \"imagepath\": \"/data/user/0/com.example.stizee/cache/customized_product_22_combined_1755354186227.png\", \"selectedSize\": \"XL\"}','2025-08-16 14:26:17','2025-08-16 14:26:17');

--
-- Table structure for table `orders`
--

CREATE TABLE `orders` (
  `id` bigint NOT NULL AUTO_INCREMENT,
  `user_id` bigint unsigned NOT NULL,
  `product_id` bigint DEFAULT NULL,
  `order_id` varchar(50) NOT NULL,
  `phone` varchar(20) NOT NULL,
  `trxref` varchar(100) NOT NULL,
  `reference` varchar(100) NOT NULL,
  `order_data` json NOT NULL,
  `subtotal` decimal(10,2) NOT NULL,
  `userid` int DEFAULT NULL,
  `delivery_fee` decimal(10,2) NOT NULL,
  `total_amount` decimal(10,2) NOT NULL,
  `status` enum('pending','processing','shipped','delivered','cancelled') NOT NULL DEFAULT 'pending',
  `order_date` timestamp NOT NULL DEFAULT CURRENT_TIMESTAMP,
  `updated_at` timestamp NULL DEFAULT NULL ON UPDATE CURRENT_TIMESTAMP,
  PRIMARY KEY (`id`),
  UNIQUE KEY `order_id` (`order_id`)
) ENGINE=InnoDB AUTO_INCREMENT=32 DEFAULT CHARSET=utf8mb4 COLLATE=utf8mb4_0900_ai_ci;

--
-- Dumping data for table `orders`
--

INSERT INTO `orders` VALUES (1,44,1,'da661eb9-931c-4153-a3ad-1f8c020e5dd1','2347042330796','da661eb9-931c-4153-a3ad-1f8c020e5dd1','437705','{\"images\": [{}], \"user_id\": \"44\", \"orderData\": \"{\\\"items\\\":[{\\\"product\\\":{\\\"category_title\\\":\\\"T-shirt\\\",\\\"id\\\":1,\\\"title\\\":\\\"Summer Collection\\\",\\\"description\\\":\\\"Lorem Ipsum is simply dummy text of the printing and typesetting industry. Lorem Ipsum has been the industry\'s standard dummy text ever since the 1500s, when an unknown printer took a galley of type and scrambled it to make a type specimen book. It has survived not only five centuries, but also the leap into electronic typesetting, remaining essentially unchanged. It was popularised in the 1960s with the release of Letraset sheets containing Lorem Ipsum passages, and more recently with desktop publishing software like Aldus PageMaker including versions of Lorem Ipsum.\\\\r\\\\n\\\\r\\\\n\\\",\\\"qty\\\":\\\"3\\\",\\\"category\\\":1,\\\"image\\\":\\\"https://mms-images.out.customink.com/mms/images/catalog/colors/176100/views/front.jpg?digest=1741307334\\\",\\\"size\\\":\\\"XL\\\",\\\"model\\\":\\\"https://stizee.com/model/oversized_t-shirt.glb\\\",\\\"text_price\\\":\\\"200\\\",\\\"image_price\\\":\\\"200\\\",\\\"model_mtl\\\":\\\"https://stizee.com/model/oversized_t-shirt.glb\\\",\\\"delivery_amount\\\":\\\"5000\\\",\\\"price\\\":\\\"500\\\",\\\"created_at\\\":\\\"2025-03-11 15:08:32\\\"},\\\"quantity\\\":1,\\\"customizationOptions\\\":null,\\\"id\\\":1744635135662},{\\\"product\\\":{\\\"category_title\\\":\\\"T-shirt\\\",\\\"id\\\":2,\\\"title\\\":\\\"Winter Edition2\\\",\\\"description\\\":\\\"Lorem Ipsum is simply dummy text of the printing and typesetting industry. Lorem Ipsum has been the industry\'s standard dummy text ever since the 1500s, when an unknown printer took a galley of type and scrambled it to make a type specimen book. It has survived not only five centuries, but also the leap into electronic typesetting, remaining essentially unchanged. It was popularised in the 1960s with the release of Letraset sheets containing Lorem Ipsum passages, and more recently with desktop publishing software like Aldus PageMaker including versions of Lorem Ipsum.\\\\r\\\\n\\\\r\\\\n\\\",\\\"qty\\\":\\\"3\\\",\\\"category\\\":1,\\\"image\\\":\\\"https://mms-images.out.customink.com/mms/images/catalog/colors/176100/views/front.jpg?digest=1741307334\\\",\\\"size\\\":\\\"XXL\\\",\\\"model\\\":\\\"https://stizee.com/model/oversized_t-shirt.glb\\\",\\\"text_price\\\":\\\"200\\\",\\\"image_price\\\":\\\"200\\\",\\\"model_mtl\\\":\\\"https://stizee.com/model/uploads_files_3804428_Shirt.mtl\\\",\\\"delivery_amount\\\":\\\"5000\\\",\\\"price\\\":\\\"500\\\",\\\"created_at\\\":\\\"2025-03-11 15:08:32\\\",\\\"hasText\\\":true,\\\"hasImage\\\":false,\\\"selectedSize\\\":\\\"L\\\",\\\"imagepath\\\":\\\"/data/user/0/com.example.stizee/cache/customized_product_1744635146565.png\\\",\\\"text\\\":\\\"test\\\"},\\\"quantity\\\":1,\\\"customizationOptions\\\":{\\\"hasText\\\":true,\\\"hasImage\\\":false,\\\"selectedSize\\\":\\\"L\\\",\\\"imagepath\\\":\\\"/data/user/0/com.example.stizee/cache/customized_product_1744635146565.png\\\",\\\"text\\\":\\\"test\\\"},\\\"id\\\":1744635149444}],\\\"shipping\\\":{\\\"address\\\":\\\"Andeveien 114, 4847 Arendal, Norway\\\",\\\"phone\\\":\\\"2347042330796\\\",\\\"additionalInfo\\\":\\\"test\\\"},\\\"payment\\\":{\\\"subtotal\\\":1200.0,\\\"deliveryFee\\\":500.0,\\\"totalAmount\\\":1700.0},\\\"metadata\\\":{\\\"isFromCart\\\":true,\\\"source\\\":\\\"cart\\\"}}\", \"orderDate\": \"2025-04-14T13:53:01.569483\", \"printSizes\": \"[{\\\"index\\\":0,\\\"size\\\":\\\"\\\"}]\", \"paymentStatus\": \"completed\", \"paymentReference\": \"da661eb9-931c-4153-a3ad-1f8c020e5dd1\"}',1200.00,NULL,500.00,1700.00,'pending','2025-04-14 12:53:04',NULL),(2,44,NULL,'9b27e365-693e-4f4d-a1a4-71f366d73ee3','2347042330796','9b27e365-693e-4f4d-a1a4-71f366d73ee3','462624','{\"images\": [{}, {}, {}], \"user_id\": \"44\", \"orderData\": \"{\\\"items\\\":[{\\\"items\\\":[{\\\"imagePath\\\":\\\"/data/user/0/com.example.stizee/cache/8e5842d0-fdf8-43fe-bc8f-1728801b3fd9/1000242259.jpg\\\",\\\"printSize\\\":\\\"4×6\\\\\\\"\\\",\\\"edits\\\":{\\\"brightness\\\":0.0,\\\"contrast\\\":1.0,\\\"saturation\\\":1.0}},{\\\"imagePath\\\":\\\"/data/user/0/com.example.stizee/cache/b31864e6-8102-46ed-b537-7e56b37f7acc/1000241818.jpg\\\",\\\"printSize\\\":\\\"4×6\\\\\\\"\\\",\\\"edits\\\":{\\\"brightness\\\":0.0,\\\"contrast\\\":1.0,\\\"saturation\\\":1.0}},{\\\"imagePath\\\":\\\"/data/user/0/com.example.stizee/cache/08dab3af-cc9c-422d-b488-66d98f5bf293/1000241440.jpg\\\",\\\"printSize\\\":\\\"4×6\\\\\\\"\\\",\\\"edits\\\":{\\\"brightness\\\":0.0,\\\"contrast\\\":1.0,\\\"saturation\\\":1.0}}],\\\"product\\\":{\\\"title\\\":\\\"Photo Prints\\\",\\\"price\\\":1500.0,\\\"size\\\":\\\"4×6\\\\\\\", 4×6\\\\\\\", 4×6\\\\\\\"\\\",\\\"delivery_amount\\\":1000},\\\"type\\\":\\\"photo\\\"}],\\\"shipping\\\":{\\\"address\\\":\\\"Andeveien 114, 4847 Arendal, Norway\\\",\\\"phone\\\":\\\"2347042330796\\\",\\\"additionalInfo\\\":\\\"tewt\\\"},\\\"payment\\\":{\\\"subtotal\\\":1500.0,\\\"deliveryFee\\\":1000.0,\\\"totalAmount\\\":2500.0},\\\"metadata\\\":{\\\"isFromCart\\\":false,\\\"source\\\":\\\"photo\\\"}}\", \"orderDate\": \"2025-04-14T13:53:55.645123\", \"imageEdits\": \"[{\\\"index\\\":0,\\\"edits\\\":{\\\"brightness\\\":0.0,\\\"contrast\\\":1.0,\\\"saturation\\\":1.0}},{\\\"index\\\":1,\\\"edits\\\":{\\\"brightness\\\":0.0,\\\"contrast\\\":1.0,\\\"saturation\\\":1.0}},{\\\"index\\\":2,\\\"edits\\\":{\\\"brightness\\\":0.0,\\\"contrast\\\":1.0,\\\"saturation\\\":1.0}}]\", \"printSizes\": \"[{\\\"index\\\":0,\\\"size\\\":\\\"4×6\\\\\\\"\\\"},{\\\"index\\\":1,\\\"size\\\":\\\"4×6\\\\\\\"\\\"},{\\\"index\\\":2,\\\"size\\\":\\\"4×6\\\\\\\"\\\"}]\", \"paymentStatus\": \"completed\", \"paymentReference\": \"9b27e365-693e-4f4d-a1a4-71f366d73ee3\"}',1500.00,NULL,1000.00,2500.00,'pending','2025-04-14 12:53:58',NULL),(3,44,1,'50c3d59c-4a06-4a52-a941-0210542f2e98','dfdf','50c3d59c-4a06-4a52-a941-0210542f2e98','971278','{\"images\": [{}], \"user_id\": \"44\", \"orderData\": \"{\\\"items\\\":[{\\\"product\\\":{\\\"category_title\\\":\\\"T-shirt\\\",\\\"id\\\":1,\\\"title\\\":\\\"Summer Collection\\\",\\\"description\\\":\\\"Lorem Ipsum is simply dummy text of the printing and typesetting industry. Lorem Ipsum has been the industry\'s standard dummy text ever since the 1500s, when an unknown printer took a galley of type and scrambled it to make a type specimen book. It has survived not only five centuries, but also the leap into electronic typesetting, remaining essentially unchanged. It was popularised in the 1960s with the release of Letraset sheets containing Lorem Ipsum passages, and more recently with desktop publishing software like Aldus PageMaker including versions of Lorem Ipsum.\\\\r\\\\n\\\\r\\\\n\\\",\\\"qty\\\":\\\"3\\\",\\\"category\\\":1,\\\"image\\\":\\\"https://mms-images.out.customink.com/mms/images/catalog/colors/176100/views/front.jpg?digest=1741307334\\\",\\\"size\\\":\\\"XL\\\",\\\"model\\\":\\\"https://stizee.com/model/oversized_t-shirt.glb\\\",\\\"text_price\\\":\\\"200\\\",\\\"image_price\\\":\\\"200\\\",\\\"model_mtl\\\":\\\"https://stizee.com/model/oversized_t-shirt.glb\\\",\\\"delivery_amount\\\":\\\"5000\\\",\\\"price\\\":\\\"500\\\",\\\"created_at\\\":\\\"2025-03-11 15:08:32\\\"},\\\"quantity\\\":1,\\\"customizationOptions\\\":null,\\\"id\\\":1746316322226},{\\\"product\\\":{\\\"category_title\\\":\\\"T-shirt\\\",\\\"id\\\":1,\\\"title\\\":\\\"Summer Collection\\\",\\\"description\\\":\\\"Lorem Ipsum is simply dummy text of the printing and typesetting industry. Lorem Ipsum has been the industry\'s standard dummy text ever since the 1500s, when an unknown printer took a galley of type and scrambled it to make a type specimen book. It has survived not only five centuries, but also the leap into electronic typesetting, remaining essentially unchanged. It was popularised in the 1960s with the release of Letraset sheets containing Lorem Ipsum passages, and more recently with desktop publishing software like Aldus PageMaker including versions of Lorem Ipsum.\\\\r\\\\n\\\\r\\\\n\\\",\\\"qty\\\":\\\"3\\\",\\\"category\\\":1,\\\"image\\\":\\\"https://mms-images.out.customink.com/mms/images/catalog/colors/176100/views/front.jpg?digest=1741307334\\\",\\\"size\\\":\\\"XL\\\",\\\"model\\\":\\\"https://stizee.com/model/oversized_t-shirt.glb\\\",\\\"text_price\\\":\\\"200\\\",\\\"image_price\\\":\\\"200\\\",\\\"model_mtl\\\":\\\"https://stizee.com/model/oversized_t-shirt.glb\\\",\\\"delivery_amount\\\":\\\"5000\\\",\\\"price\\\":\\\"500\\\",\\\"created_at\\\":\\\"2025-03-11 15:08:32\\\",\\\"hasText\\\":true,\\\"hasImage\\\":false,\\\"selectedSize\\\":\\\"XL\\\",\\\"imagepath\\\":\\\"/Users/user/Library/Developer/CoreSimulator/Devices/5C55A015-7B6A-4701-BF3A-29ABE74479D5/data/Containers/Data/Application/C9286D45-548C-4926-8122-57FAA279DA36/Library/Caches/customized_product_1746316378155.png\\\",\\\"text\\\":\\\"test\\\"},\\\"quantity\\\":1,\\\"customizationOptions\\\":{\\\"hasText\\\":true,\\\"hasImage\\\":false,\\\"selectedSize\\\":\\\"XL\\\",\\\"imagepath\\\":\\\"/Users/user/Library/Developer/CoreSimulator/Devices/5C55A015-7B6A-4701-BF3A-29ABE74479D5/data/Containers/Data/Application/C9286D45-548C-4926-8122-57FAA279DA36/Library/Caches/customized_product_1746316378155.png\\\",\\\"text\\\":\\\"test\\\"},\\\"id\\\":1746316381392}],\\\"shipping\\\":{\\\"address\\\":\\\"test\\\",\\\"phone\\\":\\\"dfdf\\\",\\\"additionalInfo\\\":\\\"fdfdf\\\"},\\\"payment\\\":{\\\"subtotal\\\":1200.0,\\\"deliveryFee\\\":500.0,\\\"totalAmount\\\":1700.0},\\\"metadata\\\":{\\\"isFromCart\\\":true,\\\"source\\\":\\\"cart\\\"}}\", \"orderDate\": \"2025-05-04T00:53:48.279176\", \"printSizes\": \"[{\\\"index\\\":0,\\\"size\\\":\\\"\\\"}]\", \"paymentStatus\": \"completed\", \"paymentReference\": \"50c3d59c-4a06-4a52-a941-0210542f2e98\"}',1200.00,NULL,500.00,1700.00,'pending','2025-05-03 23:53:50',NULL),(4,44,1,'472d1dd9-febc-46f9-a61b-63b155f4449c','0484848','472d1dd9-febc-46f9-a61b-63b155f4449c','813546','{\"images\": [{}], \"user_id\": \"44\", \"orderData\": \"{\\\"items\\\":[{\\\"product\\\":{\\\"category_title\\\":\\\"T-shirt\\\",\\\"id\\\":1,\\\"title\\\":\\\"Summer Collection\\\",\\\"description\\\":\\\"Lorem Ipsum is simply dummy text of the printing and typesetting industry. Lorem Ipsum has been the industry\'s standard dummy text ever since the 1500s, when an unknown printer took a galley of type and scrambled it to make a type specimen book. It has survived not only five centuries, but also the leap into electronic typesetting, remaining essentially unchanged. It was popularised in the 1960s with the release of Letraset sheets containing Lorem Ipsum passages, and more recently with desktop publishing software like Aldus PageMaker including versions of Lorem Ipsum.\\\\r\\\\n\\\\r\\\\n\\\",\\\"qty\\\":\\\"3\\\",\\\"category\\\":1,\\\"image\\\":\\\"https://mms-images.out.customink.com/mms/images/catalog/colors/176100/views/front.jpg?digest=1741307334\\\",\\\"size\\\":\\\"XL\\\",\\\"model\\\":\\\"https://stizee.com/model/oversized_t-shirt.glb\\\",\\\"text_price\\\":\\\"200\\\",\\\"image_price\\\":\\\"200\\\",\\\"model_mtl\\\":\\\"https://stizee.com/model/oversized_t-shirt.glb\\\",\\\"delivery_amount\\\":\\\"5000\\\",\\\"price\\\":\\\"500\\\",\\\"created_at\\\":\\\"2025-03-11 15:08:32\\\",\\\"hasText\\\":true,\\\"hasImage\\\":false,\\\"selectedSize\\\":\\\"XL\\\",\\\"imagepath\\\":\\\"/var/mobile/Containers/Data/Application/CA70A891-F9A8-419B-9F20-AABA433414C1/Library/Caches/customized_product_1746322546435.png\\\",\\\"text\\\":\\\"test\\\"},\\\"quantity\\\":1,\\\"customizationOptions\\\":{\\\"hasText\\\":true,\\\"hasImage\\\":false,\\\"selectedSize\\\":\\\"XL\\\",\\\"imagepath\\\":\\\"/var/mobile/Containers/Data/Application/CA70A891-F9A8-419B-9F20-AABA433414C1/Library/Caches/customized_product_1746322546435.png\\\",\\\"text\\\":\\\"test\\\"},\\\"id\\\":1746322548437}],\\\"shipping\\\":{\\\"address\\\":\\\"test\\\",\\\"phone\\\":\\\"0484848\\\",\\\"additionalInfo\\\":\\\"scans\\\"},\\\"payment\\\":{\\\"subtotal\\\":700.0,\\\"deliveryFee\\\":500.0,\\\"totalAmount\\\":1200.0},\\\"metadata\\\":{\\\"isFromCart\\\":true,\\\"source\\\":\\\"cart\\\"}}\", \"orderDate\": \"2025-05-04T02:36:16.833665\", \"printSizes\": \"[{\\\"index\\\":0,\\\"size\\\":\\\"\\\"}]\", \"paymentStatus\": \"completed\", \"paymentReference\": \"472d1dd9-febc-46f9-a61b-63b155f4449c\"}',700.00,NULL,500.00,1200.00,'pending','2025-05-04 01:36:18',NULL),(5,44,1,'7813754a-ade5-4807-8f89-da22023ecece','57544','7813754a-ade5-4807-8f89-da22023ecece','710716','{\"images\": [{}], \"user_id\": \"44\", \"orderData\": \"{\\\"items\\\":[{\\\"product\\\":{\\\"category_title\\\":\\\"T-shirt\\\",\\\"id\\\":1,\\\"title\\\":\\\"Summer Collection\\\",\\\"description\\\":\\\"Lorem Ipsum is simply dummy text of the printing and typesetting industry. Lorem Ipsum has been the industry\'s standard dummy text ever since the 1500s, when an unknown printer took a galley of type and scrambled it to make a type specimen book. It has survived not only five centuries, but also the leap into electronic typesetting, remaining essentially unchanged. It was popularised in the 1960s with the release of Letraset sheets containing Lorem Ipsum passages, and more recently with desktop publishing software like Aldus PageMaker including versions of Lorem Ipsum.\\\\r\\\\n\\\\r\\\\n\\\",\\\"qty\\\":\\\"3\\\",\\\"category\\\":1,\\\"image\\\":\\\"https://mms-images.out.customink.com/mms/images/catalog/colors/176100/views/front.jpg?digest=1741307334\\\",\\\"size\\\":\\\"XL\\\",\\\"model\\\":\\\"https://stizee.com/model/oversized_t-shirt.glb\\\",\\\"text_price\\\":\\\"200\\\",\\\"image_price\\\":\\\"200\\\",\\\"model_mtl\\\":\\\"https://stizee.com/model/oversized_t-shirt.glb\\\",\\\"delivery_amount\\\":\\\"5000\\\",\\\"price\\\":\\\"500\\\",\\\"created_at\\\":\\\"2025-03-11 15:08:32\\\",\\\"hasText\\\":true,\\\"hasImage\\\":false,\\\"selectedSize\\\":\\\"XL\\\",\\\"imagepath\\\":\\\"/var/mobile/Containers/Data/Application/EC8220CB-EF20-4D0E-A95F-EF37006B83F4/Library/Caches/customized_product_1746358713643.png\\\",\\\"text\\\":\\\"fuck u\\\"},\\\"quantity\\\":1,\\\"customizationOptions\\\":{\\\"hasText\\\":true,\\\"hasImage\\\":false,\\\"selectedSize\\\":\\\"XL\\\",\\\"imagepath\\\":\\\"/var/mobile/Containers/Data/Application/EC8220CB-EF20-4D0E-A95F-EF37006B83F4/Library/Caches/customized_product_1746358713643.png\\\",\\\"text\\\":\\\"fuck u\\\"},\\\"id\\\":1746358716478}],\\\"shipping\\\":{\\\"address\\\":\\\"baba\\\",\\\"phone\\\":\\\"57544\\\",\\\"additionalInfo\\\":\\\"hshshs\\\"},\\\"payment\\\":{\\\"subtotal\\\":700.0,\\\"deliveryFee\\\":500.0,\\\"totalAmount\\\":1200.0},\\\"metadata\\\":{\\\"isFromCart\\\":true,\\\"source\\\":\\\"cart\\\"}}\", \"orderDate\": \"2025-05-04T12:39:17.541939\", \"printSizes\": \"[{\\\"index\\\":0,\\\"size\\\":\\\"\\\"}]\", \"paymentStatus\": \"completed\", \"paymentReference\": \"7813754a-ade5-4807-8f89-da22023ecece\"}',700.00,NULL,500.00,1200.00,'pending','2025-05-04 11:39:19',NULL),(6,44,1,'f10c6bd3-4596-4ac5-b436-4b1e6853577e','0875455425774','f10c6bd3-4596-4ac5-b436-4b1e6853577e','301385','{\"images\": [{}], \"user_id\": \"44\", \"orderData\": \"{\\\"items\\\":[{\\\"product\\\":{\\\"category_title\\\":\\\"T-shirt\\\",\\\"id\\\":1,\\\"title\\\":\\\"Summer Collection\\\",\\\"description\\\":\\\"Lorem Ipsum is simply dummy text of the printing and typesetting industry. Lorem Ipsum has been the industry\'s standard dummy text ever since the 1500s, when an unknown printer took a galley of type and scrambled it to make a type specimen book. It has survived not only five centuries, but also the leap into electronic typesetting, remaining essentially unchanged. It was popularised in the 1960s with the release of Letraset sheets containing Lorem Ipsum passages, and more recently with desktop publishing software like Aldus PageMaker including versions of Lorem Ipsum.\\\\r\\\\n\\\\r\\\\n\\\",\\\"qty\\\":\\\"3\\\",\\\"category\\\":1,\\\"image\\\":\\\"https://mms-images.out.customink.com/mms/images/catalog/colors/176100/views/front.jpg?digest=1741307334\\\",\\\"size\\\":\\\"XL\\\",\\\"model\\\":\\\"https://stizee.com/model/oversized_t-shirt.glb\\\",\\\"text_price\\\":\\\"200\\\",\\\"image_price\\\":\\\"200\\\",\\\"model_mtl\\\":\\\"https://stizee.com/model/oversized_t-shirt.glb\\\",\\\"delivery_amount\\\":\\\"5000\\\",\\\"price\\\":\\\"500\\\",\\\"created_at\\\":\\\"2025-03-11 15:08:32\\\",\\\"hasText\\\":true,\\\"hasImage\\\":true,\\\"selectedSize\\\":\\\"XL\\\",\\\"imagepath\\\":\\\"/data/user/0/com.example.stizee/cache/customized_product_1747771195372.png\\\",\\\"text\\\":\\\"I love myself \\\"},\\\"quantity\\\":2,\\\"customizationOptions\\\":{\\\"hasText\\\":true,\\\"hasImage\\\":true,\\\"selectedSize\\\":\\\"XL\\\",\\\"imagepath\\\":\\\"/data/user/0/com.example.stizee/cache/customized_product_1747771195372.png\\\",\\\"text\\\":\\\"I love myself \\\"},\\\"id\\\":1747771202952}],\\\"shipping\\\":{\\\"address\\\":\\\"hggv\\\",\\\"phone\\\":\\\"0875455425774\\\",\\\"additionalInfo\\\":\\\"vvhc\\\"},\\\"payment\\\":{\\\"subtotal\\\":1800.0,\\\"deliveryFee\\\":500.0,\\\"totalAmount\\\":2300.0},\\\"metadata\\\":{\\\"isFromCart\\\":true,\\\"source\\\":\\\"cart\\\"}}\", \"orderDate\": \"2025-05-20T21:02:23.534144\", \"printSizes\": \"[{\\\"index\\\":0,\\\"size\\\":\\\"\\\"}]\", \"paymentStatus\": \"completed\", \"paymentReference\": \"f10c6bd3-4596-4ac5-b436-4b1e6853577e\"}',1800.00,NULL,500.00,2300.00,'pending','2025-05-20 20:02:25',NULL),(7,44,1,'7d84413d-cb4f-497b-aff9-ed9cc468be96','595959','7d84413d-cb4f-497b-aff9-ed9cc468be96','764822','{\"user_id\": \"44\", \"orderData\": \"{\\\"items\\\":[{\\\"product\\\":{\\\"category_title\\\":\\\"T-shirt\\\",\\\"id\\\":1,\\\"title\\\":\\\"Summer Collection\\\",\\\"description\\\":\\\"Lorem Ipsum is simply dummy text of the printing and typesetting industry. Lorem Ipsum has been the industry\'s standard dummy text ever since the 1500s, when an unknown printer took a galley of type and scrambled it to make a type specimen book. It has survived not only five centuries, but also the leap into electronic typesetting, remaining essentially unchanged. It was popularised in the 1960s with the release of Letraset sheets containing Lorem Ipsum passages, and more recently with desktop publishing software like Aldus PageMaker including versions of Lorem Ipsum.\\\\r\\\\n\\\\r\\\\n\\\",\\\"qty\\\":\\\"3\\\",\\\"category\\\":1,\\\"image\\\":\\\"https://mms-images.out.customink.com/mms/images/catalog/colors/176100/views/front.jpg?digest=1741307334\\\",\\\"size\\\":\\\"XL\\\",\\\"model\\\":\\\"https://stizee.com/model/oversized_t-shirt.glb\\\",\\\"text_price\\\":\\\"200\\\",\\\"image_price\\\":\\\"200\\\",\\\"model_mtl\\\":\\\"https://stizee.com/model/oversized_t-shirt.glb\\\",\\\"delivery_amount\\\":\\\"5000\\\",\\\"price\\\":\\\"500\\\",\\\"created_at\\\":\\\"2025-03-11 15:08:32\\\",\\\"hasText\\\":false,\\\"hasImage\\\":false,\\\"selectedSize\\\":\\\"XL\\\"},\\\"quantity\\\":1,\\\"customizationOptions\\\":{\\\"hasText\\\":false,\\\"hasImage\\\":false,\\\"selectedSize\\\":\\\"XL\\\"},\\\"id\\\":1748380191191}],\\\"shipping\\\":{\\\"address\\\":\\\"cvff\\\",\\\"phone\\\":\\\"595959\\\",\\\"additionalInfo\\\":\\\"dbbddh \\\"},\\\"payment\\\":{\\\"subtotal\\\":500.0,\\\"deliveryFee\\\":500.0,\\\"totalAmount\\\":1000.0},\\\"metadata\\\":{\\\"isFromCart\\\":true,\\\"source\\\":\\\"cart\\\"}}\", \"orderDate\": \"2025-05-27T22:14:54.289024\", \"paymentStatus\": \"completed\", \"paymentReference\": \"7d84413d-cb4f-497b-aff9-ed9cc468be96\"}',500.00,NULL,500.00,1000.00,'pending','2025-05-27 21:14:55',NULL),(8,44,1,'c9ca4264-9993-40c8-941a-7dfc95155e04','588','c9ca4264-9993-40c8-941a-7dfc95155e04','647717','{\"images\": [{}], \"user_id\": \"44\", \"orderData\": \"{\\\"items\\\":[{\\\"product\\\":{\\\"category_title\\\":\\\"T-shirt\\\",\\\"id\\\":1,\\\"title\\\":\\\"Summer Collection\\\",\\\"description\\\":\\\"Lorem Ipsum is simply dummy text of the printing and typesetting industry. Lorem Ipsum has been the industry\'s standard dummy text ever since the 1500s, when an unknown printer took a galley of type and scrambled it to make a type specimen book. It has survived not only five centuries, but also the leap into electronic typesetting, remaining essentially unchanged. It was popularised in the 1960s with the release of Letraset sheets containing Lorem Ipsum passages, and more recently with desktop publishing software like Aldus PageMaker including versions of Lorem Ipsum.\\\\r\\\\n\\\\r\\\\n\\\",\\\"qty\\\":\\\"3\\\",\\\"category\\\":1,\\\"image\\\":\\\"https://mms-images.out.customink.com/mms/images/catalog/colors/176100/views/front.jpg?digest=1741307334\\\",\\\"size\\\":\\\"XL\\\",\\\"model\\\":\\\"https://stizee.com/model/oversized_t-shirt.glb\\\",\\\"text_price\\\":\\\"200\\\",\\\"image_price\\\":\\\"200\\\",\\\"model_mtl\\\":\\\"https://stizee.com/model/oversized_t-shirt.glb\\\",\\\"delivery_amount\\\":\\\"5000\\\",\\\"price\\\":\\\"500\\\",\\\"created_at\\\":\\\"2025-03-11 15:08:32\\\",\\\"hasText\\\":false,\\\"hasImage\\\":false,\\\"selectedSize\\\":\\\"XL\\\",\\\"imagepath\\\":\\\"/data/user/0/com.example.stizee/cache/customized_product_1_combined_1748380780562.png\\\"},\\\"quantity\\\":1,\\\"customizationOptions\\\":{\\\"hasText\\\":false,\\\"hasImage\\\":false,\\\"selectedSize\\\":\\\"XL\\\",\\\"imagepath\\\":\\\"/data/user/0/com.example.stizee/cache/customized_product_1_combined_1748380780562.png\\\"},\\\"id\\\":1748380782307}],\\\"shipping\\\":{\\\"address\\\":\\\"test\\\",\\\"phone\\\":\\\"588\\\",\\\"additionalInfo\\\":\\\"bbb\\\"},\\\"payment\\\":{\\\"subtotal\\\":500.0,\\\"deliveryFee\\\":500.0,\\\"totalAmount\\\":1000.0},\\\"metadata\\\":{\\\"isFromCart\\\":true,\\\"source\\\":\\\"cart\\\"}}\", \"orderDate\": \"2025-05-27T22:20:22.419307\", \"printSizes\": \"[{\\\"index\\\":0,\\\"size\\\":\\\"\\\"}]\", \"paymentStatus\": \"completed\", \"paymentReference\": \"c9ca4264-9993-40c8-941a-7dfc95155e04\"}',500.00,NULL,500.00,1000.00,'pending','2025-05-27 21:20:24',NULL),(9,44,1,'4506d0fb-6467-4c4a-8722-6f6ffa820e96','666','4506d0fb-6467-4c4a-8722-6f6ffa820e96','699366','{\"images\": [{}], \"user_id\": \"44\", \"orderData\": \"{\\\"items\\\":[{\\\"product\\\":{\\\"category_title\\\":\\\"T-shirt\\\",\\\"id\\\":1,\\\"title\\\":\\\"Summer Collection\\\",\\\"description\\\":\\\"Lorem Ipsum is simply dummy text of the printing and typesetting industry. Lorem Ipsum has been the industry\'s standard dummy text ever since the 1500s, when an unknown printer took a galley of type and scrambled it to make a type specimen book. It has survived not only five centuries, but also the leap into electronic typesetting, remaining essentially unchanged. It was popularised in the 1960s with the release of Letraset sheets containing Lorem Ipsum passages, and more recently with desktop publishing software like Aldus PageMaker including versions of Lorem Ipsum.\\\\r\\\\n\\\\r\\\\n\\\",\\\"qty\\\":\\\"3\\\",\\\"category\\\":1,\\\"image\\\":\\\"https://mms-images.out.customink.com/mms/images/catalog/colors/176100/views/front.jpg?digest=1741307334\\\",\\\"size\\\":\\\"XL\\\",\\\"model\\\":\\\"https://stizee.com/model/oversized_t-shirt.glb\\\",\\\"text_price\\\":\\\"200\\\",\\\"image_price\\\":\\\"200\\\",\\\"model_mtl\\\":\\\"https://stizee.com/model/oversized_t-shirt.glb\\\",\\\"delivery_amount\\\":\\\"5000\\\",\\\"price\\\":\\\"500\\\",\\\"created_at\\\":\\\"2025-03-11 15:08:32\\\",\\\"hasText\\\":false,\\\"hasImage\\\":false,\\\"selectedSize\\\":\\\"XL\\\",\\\"imagepath\\\":\\\"/data/user/0/com.example.stizee/cache/customized_product_1_combined_1748380930530.png\\\"},\\\"quantity\\\":1,\\\"customizationOptions\\\":{\\\"hasText\\\":false,\\\"hasImage\\\":false,\\\"selectedSize\\\":\\\"XL\\\",\\\"imagepath\\\":\\\"/data/user/0/com.example.stizee/cache/customized_product_1_combined_1748380930530.png\\\"},\\\"id\\\":1748380932475}],\\\"shipping\\\":{\\\"address\\\":\\\"hh\\\",\\\"phone\\\":\\\"666\\\",\\\"additionalInfo\\\":\\\"gff\\\"},\\\"payment\\\":{\\\"subtotal\\\":500.0,\\\"deliveryFee\\\":500.0,\\\"totalAmount\\\":1000.0},\\\"metadata\\\":{\\\"isFromCart\\\":true,\\\"source\\\":\\\"cart\\\"}}\", \"orderDate\": \"2025-05-27T22:22:34.078513\", \"printSizes\": \"[{\\\"index\\\":0,\\\"size\\\":\\\"\\\"}]\", \"paymentStatus\": \"completed\", \"paymentReference\": \"4506d0fb-6467-4c4a-8722-6f6ffa820e96\"}',500.00,NULL,500.00,1000.00,'pending','2025-05-27 21:22:35',NULL),(10,44,1,'ee81dcb9-a6f9-4f51-ab6d-d4ae0ef3ddfa','08','ee81dcb9-a6f9-4f51-ab6d-d4ae0ef3ddfa','188553','{\"images\": [{}], \"user_id\": \"44\", \"orderData\": \"{\\\"items\\\":[{\\\"product\\\":{\\\"category_title\\\":\\\"T-shirt\\\",\\\"id\\\":1,\\\"title\\\":\\\"Summer Collection\\\",\\\"description\\\":\\\"Lorem Ipsum is simply dummy text of the printing and typesetting industry. Lorem Ipsum has been the industry\'s standard dummy text ever since the 1500s, when an unknown printer took a galley of type and scrambled it to make a type specimen book. It has survived not only five centuries, but also the leap into electronic typesetting, remaining essentially unchanged. It was popularised in the 1960s with the release of Letraset sheets containing Lorem Ipsum passages, and more recently with desktop publishing software like Aldus PageMaker including versions of Lorem Ipsum.\\\\r\\\\n\\\\r\\\\n\\\",\\\"qty\\\":\\\"3\\\",\\\"category\\\":1,\\\"image\\\":\\\"https://mms-images.out.customink.com/mms/images/catalog/colors/176100/views/front.jpg?digest=1741307334\\\",\\\"size\\\":\\\"XL\\\",\\\"model\\\":\\\"https://stizee.com/model/oversized_t-shirt.glb\\\",\\\"text_price\\\":\\\"200\\\",\\\"image_price\\\":\\\"200\\\",\\\"model_mtl\\\":\\\"https://stizee.com/model/oversized_t-shirt.glb\\\",\\\"delivery_amount\\\":\\\"5000\\\",\\\"price\\\":\\\"500\\\",\\\"created_at\\\":\\\"2025-03-11 15:08:32\\\",\\\"hasText\\\":false,\\\"hasImage\\\":false,\\\"selectedSize\\\":\\\"XL\\\",\\\"imagepath\\\":\\\"/data/user/0/com.example.stizee/cache/customized_product_1_combined_1749401757125.png\\\"},\\\"quantity\\\":3,\\\"customizationOptions\\\":{\\\"hasText\\\":false,\\\"hasImage\\\":false,\\\"selectedSize\\\":\\\"XL\\\",\\\"imagepath\\\":\\\"/data/user/0/com.example.stizee/cache/customized_product_1_combined_1749401757125.png\\\"},\\\"id\\\":1749401842031}],\\\"shipping\\\":{\\\"address\\\":\\\"testin\\\",\\\"phone\\\":\\\"08\\\",\\\"additionalInfo\\\":\\\"\\\"},\\\"payment\\\":{\\\"subtotal\\\":1500.0,\\\"deliveryFee\\\":500.0,\\\"totalAmount\\\":2000.0},\\\"metadata\\\":{\\\"isFromCart\\\":true,\\\"source\\\":\\\"cart\\\"}}\", \"orderDate\": \"2025-06-08T17:58:32.654273\", \"printSizes\": \"[{\\\"index\\\":0,\\\"size\\\":\\\"\\\"}]\", \"paymentStatus\": \"completed\", \"paymentReference\": \"ee81dcb9-a6f9-4f51-ab6d-d4ae0ef3ddfa\"}',1500.00,NULL,500.00,2000.00,'pending','2025-06-08 16:58:35',NULL),(11,44,NULL,'00cff944-b091-4b38-adbc-f89a6e737091','2347042330796','00cff944-b091-4b38-adbc-f89a6e737091','411464','{\"images\": [{}, {}], \"user_id\": \"44\", \"orderData\": \"{\\\"items\\\":[{\\\"items\\\":[{\\\"imagePath\\\":\\\"/data/user/0/com.example.stizee/cache/image_01749402275346.jpg\\\",\\\"printSize\\\":\\\"Custom\\\",\\\"edits\\\":{\\\"brightness\\\":0.0,\\\"contrast\\\":1.0,\\\"saturation\\\":1.0}},{\\\"imagePath\\\":\\\"/data/user/0/com.example.stizee/cache/image_11749402228647.jpg\\\",\\\"printSize\\\":\\\"4×6\\\\\\\"\\\",\\\"edits\\\":{\\\"brightness\\\":0.0,\\\"contrast\\\":1.0,\\\"saturation\\\":1.0}}],\\\"product\\\":{\\\"title\\\":\\\"Photo Prints\\\",\\\"price\\\":2000.0,\\\"size\\\":\\\"Custom, 4×6\\\\\\\"\\\",\\\"delivery_amount\\\":1000},\\\"type\\\":\\\"photo\\\"}],\\\"shipping\\\":{\\\"address\\\":\\\"Andeveien 114, 4847 Arendal, Norway\\\",\\\"phone\\\":\\\"2347042330796\\\",\\\"additionalInfo\\\":\\\"vggvgggg\\\"},\\\"payment\\\":{\\\"subtotal\\\":2000.0,\\\"deliveryFee\\\":1000.0,\\\"totalAmount\\\":3000.0},\\\"metadata\\\":{\\\"isFromCart\\\":false,\\\"source\\\":\\\"photo\\\"}}\", \"orderDate\": \"2025-06-08T18:06:08.514410\", \"imageEdits\": \"[{\\\"index\\\":0,\\\"edits\\\":{\\\"brightness\\\":0.0,\\\"contrast\\\":1.0,\\\"saturation\\\":1.0}},{\\\"index\\\":1,\\\"edits\\\":{\\\"brightness\\\":0.0,\\\"contrast\\\":1.0,\\\"saturation\\\":1.0}}]\", \"printSizes\": \"[{\\\"index\\\":0,\\\"size\\\":\\\"Custom\\\"},{\\\"index\\\":1,\\\"size\\\":\\\"4×6\\\\\\\"\\\"}]\", \"paymentStatus\": \"completed\", \"paymentReference\": \"00cff944-b091-4b38-adbc-f89a6e737091\"}',2000.00,NULL,1000.00,3000.00,'pending','2025-06-08 17:06:11',NULL),(12,44,14,'606946dc-484b-4db2-9e8d-ca05df365079','ddsfsdf','606946dc-484b-4db2-9e8d-ca05df365079','822861','{\"user_id\": \"44\", \"orderData\": \"{\\\"items\\\":[{\\\"product\\\":{\\\"category_title\\\":\\\"Regression\\\",\\\"id\\\":14,\\\"title\\\":\\\"hdhdh\\\",\\\"description\\\":\\\"hxhxhd\\\",\\\"qty\\\":\\\"50\\\",\\\"category\\\":6,\\\"image\\\":\\\"https://stizee.com/uploadedimages/1750353109_685444d56bb60.jpg\\\",\\\"size\\\":\\\"XL\\\",\\\"model\\\":null,\\\"text_price\\\":\\\"200\\\",\\\"image_price\\\":\\\"200\\\",\\\"merchant_id\\\":44,\\\"model_mtl\\\":null,\\\"delivery_amount\\\":\\\"500\\\",\\\"updated_at\\\":\\\"2025-06-20 14:48:47\\\",\\\"price\\\":\\\"500\\\",\\\"created_at\\\":\\\"2025-06-19 17:11:50\\\"},\\\"quantity\\\":1,\\\"customizationOptions\\\":null,\\\"id\\\":1750431180822}],\\\"shipping\\\":{\\\"address\\\":\\\"sdfsdfsdf\\\",\\\"phone\\\":\\\"ddsfsdf\\\",\\\"additionalInfo\\\":\\\"sdfsdf\\\"},\\\"payment\\\":{\\\"subtotal\\\":500.0,\\\"deliveryFee\\\":500.0,\\\"totalAmount\\\":1000.0},\\\"metadata\\\":{\\\"isFromCart\\\":true,\\\"source\\\":\\\"cart\\\"}}\", \"orderDate\": \"2025-06-20T15:53:27.561528\", \"paymentStatus\": \"completed\", \"paymentReference\": \"606946dc-484b-4db2-9e8d-ca05df365079\"}',500.00,NULL,500.00,1000.00,'pending','2025-06-20 14:53:29',NULL),(13,44,15,'459b2a03-5379-4ef2-9979-44d377fc9e87','08077725983','459b2a03-5379-4ef2-9979-44d377fc9e87','778843','{\"images\": [{}], \"user_id\": \"44\", \"orderData\": \"{\\\"items\\\":[{\\\"product\\\":{\\\"category_title\\\":\\\"Regression\\\",\\\"id\\\":15,\\\"title\\\":\\\"test\\\",\\\"description\\\":\\\"hdhdhdbd d ddsdbdbdbdbbdbdbdbdbdbbd dbd d d bd d\\\",\\\"qty\\\":\\\"22\\\",\\\"category\\\":6,\\\"image\\\":\\\"https://stizee.com/uploadedimages/1750434657_685583618c93e.jpg\\\",\\\"size\\\":\\\"XL\\\",\\\"model\\\":null,\\\"text_price\\\":\\\"200\\\",\\\"image_price\\\":\\\"200\\\",\\\"merchant_id\\\":44,\\\"model_mtl\\\":null,\\\"delivery_amount\\\":\\\"500\\\",\\\"updated_at\\\":null,\\\"price\\\":\\\"5000\\\",\\\"created_at\\\":\\\"2025-06-20 15:50:58\\\",\\\"hasText\\\":false,\\\"hasImage\\\":false,\\\"selectedSize\\\":\\\"XL\\\",\\\"imagepath\\\":\\\"/var/mobile/Containers/Data/Application/1F64F0DE-CDB0-4C56-BCB5-CB67234B4DFE/Library/Caches/customized_product_15_combined_1750434685922.png\\\"},\\\"quantity\\\":4,\\\"customizationOptions\\\":{\\\"hasText\\\":false,\\\"hasImage\\\":false,\\\"selectedSize\\\":\\\"XL\\\",\\\"imagepath\\\":\\\"/var/mobile/Containers/Data/Application/1F64F0DE-CDB0-4C56-BCB5-CB67234B4DFE/Library/Caches/customized_product_15_combined_1750434685922.png\\\"},\\\"id\\\":1750434689568}],\\\"shipping\\\":{\\\"address\\\":\\\"heheh\\\",\\\"phone\\\":\\\"08077725983\\\",\\\"additionalInfo\\\":\\\"she’s\\\"},\\\"payment\\\":{\\\"subtotal\\\":20000.0,\\\"deliveryFee\\\":500.0,\\\"totalAmount\\\":20500.0},\\\"metadata\\\":{\\\"isFromCart\\\":true,\\\"source\\\":\\\"cart\\\"}}\", \"orderDate\": \"2025-06-20T16:52:03.291314\", \"printSizes\": \"[{\\\"index\\\":0,\\\"size\\\":\\\"\\\"}]\", \"paymentStatus\": \"completed\", \"paymentReference\": \"459b2a03-5379-4ef2-9979-44d377fc9e87\"}',20000.00,NULL,500.00,20500.00,'pending','2025-06-20 15:52:07',NULL),(14,44,3,'816d17aa-04ba-4718-81b2-b6e0db63ba23','999','816d17aa-04ba-4718-81b2-b6e0db63ba23','753698','{\"user_id\": \"44\", \"orderData\": \"{\\\"items\\\":[{\\\"product\\\":{\\\"category_title\\\":\\\"T-shirt\\\",\\\"id\\\":3,\\\"title\\\":\\\"Winter Edition\\\",\\\"description\\\":\\\"Lorem Ipsum is simply dummy text of the printing and typesetting industry. Lorem Ipsum has been the industry\'s standard dummy text ever since the 1500s, when an unknown printer took a galley of type and scrambled it to make a type specimen book. It has survived not only five centuries, but also the leap into electronic typesetting, remaining essentially unchanged. It was popularised in the 1960s with the release of Letraset sheets containing Lorem Ipsum passages, and more recently with desktop publishing software like Aldus PageMaker including versions of Lorem Ipsum.\\\\r\\\\n\\\\r\\\\n\\\",\\\"qty\\\":\\\"3\\\",\\\"category\\\":1,\\\"image\\\":\\\"https://mms-images.out.customink.com/mms/images/catalog/colors/176100/views/front.jpg?digest=1741307334\\\",\\\"size\\\":\\\"XXL\\\",\\\"model\\\":\\\"https://stizee.com/model/oversized_t-shirt.glb\\\",\\\"text_price\\\":\\\"200\\\",\\\"image_price\\\":\\\"200\\\",\\\"merchant_id\\\":null,\\\"model_mtl\\\":\\\"https://stizee.com/model/uploads_files_3804428_Shirt.mtl\\\",\\\"delivery_amount\\\":\\\"500\\\",\\\"updated_at\\\":null,\\\"price\\\":\\\"500\\\",\\\"created_at\\\":\\\"2025-03-11 15:08:32\\\"},\\\"quantity\\\":1,\\\"customizationOptions\\\":null,\\\"id\\\":1750932458784}],\\\"shipping\\\":{\\\"address\\\":\\\"jhh\\\",\\\"phone\\\":\\\"999\\\",\\\"additionalInfo\\\":\\\"\\\"},\\\"payment\\\":{\\\"subtotal\\\":500.0,\\\"deliveryFee\\\":500.0,\\\"totalAmount\\\":1000.0},\\\"metadata\\\":{\\\"isFromCart\\\":true,\\\"source\\\":\\\"cart\\\"}}\", \"orderDate\": \"2025-06-26T11:08:06.879756\", \"paymentStatus\": \"completed\", \"paymentReference\": \"816d17aa-04ba-4718-81b2-b6e0db63ba23\"}',500.00,NULL,500.00,1000.00,'pending','2025-06-26 10:08:08',NULL),(15,44,2,'e2a6794f-39b2-4395-9ae6-a049df26f0ce','33','e2a6794f-39b2-4395-9ae6-a049df26f0ce','479379','{\"user_id\": \"44\", \"orderData\": \"{\\\"items\\\":[{\\\"product\\\":{\\\"category_title\\\":\\\"T-shirt\\\",\\\"id\\\":2,\\\"title\\\":\\\"Winter Edition2\\\",\\\"description\\\":\\\"Lorem Ipsum is simply dummy text of the printing and typesetting industry. Lorem Ipsum has been the industry\'s standard dummy text ever since the 1500s, when an unknown printer took a galley of type and scrambled it to make a type specimen book. It has survived not only five centuries, but also the leap into electronic typesetting, remaining essentially unchanged. It was popularised in the 1960s with the release of Letraset sheets containing Lorem Ipsum passages, and more recently with desktop publishing software like Aldus PageMaker including versions of Lorem Ipsum.\\\",\\\"qty\\\":\\\"3\\\",\\\"category\\\":1,\\\"image\\\":\\\"https://mms-images.out.customink.com/mms/images/catalog/colors/176100/views/front.jpg?digest=1741307334\\\",\\\"size\\\":\\\"XXL\\\",\\\"model\\\":\\\"https://stizee.com/model/oversized_t-shirt.glb\\\",\\\"text_price\\\":\\\"200\\\",\\\"image_price\\\":\\\"200\\\",\\\"merchant_id\\\":44,\\\"model_mtl\\\":\\\"https://stizee.com/model/uploads_files_3804428_Shirt.mtl\\\",\\\"delivery_amount\\\":\\\"500\\\",\\\"updated_at\\\":\\\"2025-06-20 16:35:40\\\",\\\"price\\\":\\\"500\\\",\\\"created_at\\\":\\\"2025-03-11 15:08:32\\\"},\\\"quantity\\\":1,\\\"customizationOptions\\\":null,\\\"id\\\":1750932523994}],\\\"shipping\\\":{\\\"address\\\":\\\"nhh\\\",\\\"phone\\\":\\\"33\\\",\\\"additionalInfo\\\":\\\"\\\"},\\\"payment\\\":{\\\"subtotal\\\":500.0,\\\"deliveryFee\\\":500.0,\\\"totalAmount\\\":1000.0},\\\"metadata\\\":{\\\"isFromCart\\\":true,\\\"source\\\":\\\"cart\\\"}}\", \"orderDate\": \"2025-06-26T11:09:05.199042\", \"paymentStatus\": \"completed\", \"paymentReference\": \"e2a6794f-39b2-4395-9ae6-a049df26f0ce\"}',500.00,NULL,500.00,1000.00,'delivered','2025-06-26 10:09:06','2025-06-26 11:49:55'),(16,44,3,'691b363b-dba3-4874-a267-22b90326b20a','2347042330796','691b363b-dba3-4874-a267-22b90326b20a','364554','{\"user_id\": \"44\", \"orderData\": \"{\\\"items\\\":[{\\\"product\\\":{\\\"category_title\\\":\\\"T-shirt\\\",\\\"id\\\":3,\\\"title\\\":\\\"Winter Edition\\\",\\\"description\\\":\\\"Lorem Ipsum is simply dummy text of the printing and typesetting industry. Lorem Ipsum has been the industry\'s standard dummy text ever since the 1500s, when an unknown printer took a galley of type and scrambled it to make a type specimen book. It has survived not only five centuries, but also the leap into electronic typesetting, remaining essentially unchanged. It was popularised in the 1960s with the release of Letraset sheets containing Lorem Ipsum passages, and more recently with desktop publishing software like Aldus PageMaker including versions of Lorem Ipsum.\\\\r\\\\n\\\\r\\\\n\\\",\\\"qty\\\":\\\"3\\\",\\\"category\\\":1,\\\"image\\\":\\\"https://mms-images.out.customink.com/mms/images/catalog/colors/176100/views/front.jpg?digest=1741307334\\\",\\\"size\\\":\\\"XXL\\\",\\\"model\\\":\\\"https://stizee.com/model/oversized_t-shirt.glb\\\",\\\"text_price\\\":\\\"200\\\",\\\"image_price\\\":\\\"200\\\",\\\"merchant_id\\\":null,\\\"model_mtl\\\":\\\"https://stizee.com/model/uploads_files_3804428_Shirt.mtl\\\",\\\"delivery_amount\\\":\\\"500\\\",\\\"updated_at\\\":null,\\\"price\\\":\\\"500\\\",\\\"created_at\\\":\\\"2025-03-11 15:08:32\\\"},\\\"quantity\\\":1,\\\"customizationOptions\\\":null,\\\"id\\\":1750939181911},{\\\"product\\\":{\\\"category_title\\\":\\\"T-shirt\\\",\\\"id\\\":1,\\\"title\\\":\\\"Summer Collection\\\",\\\"description\\\":\\\"Lorem Ipsum is simply dummy text of the printing and typesetting industry. Lorem Ipsum has been the industry\'s standard dummy text ever since the 1500s, when an unknown printer took a galley of type and scrambled it to make a type specimen book. It has survived not only five centuries, but also the leap into electronic typesetting, remaining essentially unchanged. It was popularised in the 1960s with the release of Letraset sheets containing Lorem Ipsum passages, and more recently with desktop publishing software like Aldus PageMaker including versions of Lorem Ipsum.\\\\r\\\\n\\\\r\\\\n\\\",\\\"qty\\\":\\\"3\\\",\\\"category\\\":1,\\\"image\\\":\\\"https://mms-images.out.customink.com/mms/images/catalog/colors/176100/views/front.jpg?digest=1741307334\\\",\\\"size\\\":\\\"XL\\\",\\\"model\\\":\\\"https://stizee.com/model/oversized_t-shirt.glb\\\",\\\"text_price\\\":\\\"200\\\",\\\"image_price\\\":\\\"200\\\",\\\"merchant_id\\\":44,\\\"model_mtl\\\":\\\"https://stizee.com/model/oversized_t-shirt.glb\\\",\\\"delivery_amount\\\":\\\"5000\\\",\\\"updated_at\\\":null,\\\"price\\\":\\\"500\\\",\\\"created_at\\\":\\\"2025-03-11 15:08:32\\\"},\\\"quantity\\\":1,\\\"customizationOptions\\\":null,\\\"id\\\":1750939193053},{\\\"product\\\":{\\\"category_title\\\":\\\"T-shirt\\\",\\\"id\\\":2,\\\"title\\\":\\\"Winter Edition2\\\",\\\"description\\\":\\\"Lorem Ipsum is simply dummy text of the printing and typesetting industry. Lorem Ipsum has been the industry\'s standard dummy text ever since the 1500s, when an unknown printer took a galley of type and scrambled it to make a type specimen book. It has survived not only five centuries, but also the leap into electronic typesetting, remaining essentially unchanged. It was popularised in the 1960s with the release of Letraset sheets containing Lorem Ipsum passages, and more recently with desktop publishing software like Aldus PageMaker including versions of Lorem Ipsum.\\\",\\\"qty\\\":\\\"3\\\",\\\"category\\\":1,\\\"image\\\":\\\"https://mms-images.out.customink.com/mms/images/catalog/colors/176100/views/front.jpg?digest=1741307334\\\",\\\"size\\\":\\\"XXL\\\",\\\"model\\\":\\\"https://stizee.com/model/oversized_t-shirt.glb\\\",\\\"text_price\\\":\\\"200\\\",\\\"image_price\\\":\\\"200\\\",\\\"merchant_id\\\":44,\\\"model_mtl\\\":\\\"https://stizee.com/model/uploads_files_3804428_Shirt.mtl\\\",\\\"delivery_amount\\\":\\\"500\\\",\\\"updated_at\\\":\\\"2025-06-20 16:35:40\\\",\\\"price\\\":\\\"500\\\",\\\"created_at\\\":\\\"2025-03-11 15:08:32\\\"},\\\"quantity\\\":1,\\\"customizationOptions\\\":null,\\\"id\\\":1750939193536},{\\\"product\\\":{\\\"category_title\\\":\\\"Shoes\\\",\\\"id\\\":4,\\\"title\\\":\\\"fgfdfg\\\",\\\"description\\\":\\\"g\\\",\\\"qty\\\":\\\"22\\\",\\\"category\\\":2,\\\"image\\\":\\\"https://stizee.com/uploadedimages/1750329498_6853e89a5cfd9.jpg\\\",\\\"size\\\":\\\"XL\\\",\\\"model\\\":null,\\\"text_price\\\":null,\\\"image_price\\\":null,\\\"merchant_id\\\":null,\\\"model_mtl\\\":null,\\\"delivery_amount\\\":\\\"0\\\",\\\"updated_at\\\":null,\\\"price\\\":\\\"222\\\",\\\"created_at\\\":\\\"2025-06-19 10:38:19\\\"},\\\"quantity\\\":1,\\\"customizationOptions\\\":null,\\\"id\\\":1750939194269}],\\\"shipping\\\":{\\\"address\\\":\\\"hdhd\\\",\\\"phone\\\":\\\"2347042330796\\\",\\\"additionalInfo\\\":\\\"\\\"},\\\"payment\\\":{\\\"subtotal\\\":1722.0,\\\"deliveryFee\\\":500.0,\\\"totalAmount\\\":2222.0},\\\"metadata\\\":{\\\"isFromCart\\\":true,\\\"source\\\":\\\"cart\\\"}}\", \"orderDate\": \"2025-06-26T13:00:21.769252\", \"paymentStatus\": \"completed\", \"paymentReference\": \"691b363b-dba3-4874-a267-22b90326b20a\"}',1722.00,NULL,500.00,2222.00,'pending','2025-06-26 12:00:23',NULL),(17,44,4,'439adf95-c735-4a51-b018-f70751d296c4','2347042330796','439adf95-c735-4a51-b018-f70751d296c4','613453','{\"user_id\": \"44\", \"orderData\": \"{\\\"items\\\":[{\\\"product\\\":{\\\"category_title\\\":\\\"Shoes\\\",\\\"id\\\":4,\\\"title\\\":\\\"fgfdfg\\\",\\\"description\\\":\\\"g\\\",\\\"qty\\\":\\\"22\\\",\\\"category\\\":2,\\\"image\\\":\\\"https://stizee.com/uploadedimages/1750329498_6853e89a5cfd9.jpg\\\",\\\"size\\\":\\\"XL\\\",\\\"model\\\":null,\\\"text_price\\\":null,\\\"image_price\\\":null,\\\"merchant_id\\\":null,\\\"model_mtl\\\":null,\\\"delivery_amount\\\":\\\"0\\\",\\\"updated_at\\\":null,\\\"price\\\":\\\"222\\\",\\\"created_at\\\":\\\"2025-06-19 10:38:19\\\"},\\\"quantity\\\":1,\\\"customizationOptions\\\":null,\\\"id\\\":1750939902741},{\\\"product\\\":{\\\"category_title\\\":\\\"T-shirt\\\",\\\"id\\\":3,\\\"title\\\":\\\"Winter Edition\\\",\\\"description\\\":\\\"Lorem Ipsum is simply dummy text of the printing and typesetting industry. Lorem Ipsum has been the industry\'s standard dummy text ever since the 1500s, when an unknown printer took a galley of type and scrambled it to make a type specimen book. It has survived not only five centuries, but also the leap into electronic typesetting, remaining essentially unchanged. It was popularised in the 1960s with the release of Letraset sheets containing Lorem Ipsum passages, and more recently with desktop publishing software like Aldus PageMaker including versions of Lorem Ipsum.\\\\r\\\\n\\\\r\\\\n\\\",\\\"qty\\\":\\\"3\\\",\\\"category\\\":1,\\\"image\\\":\\\"https://mms-images.out.customink.com/mms/images/catalog/colors/176100/views/front.jpg?digest=1741307334\\\",\\\"size\\\":\\\"XXL\\\",\\\"model\\\":\\\"https://stizee.com/model/oversized_t-shirt.glb\\\",\\\"text_price\\\":\\\"200\\\",\\\"image_price\\\":\\\"200\\\",\\\"merchant_id\\\":null,\\\"model_mtl\\\":\\\"https://stizee.com/model/uploads_files_3804428_Shirt.mtl\\\",\\\"delivery_amount\\\":\\\"500\\\",\\\"updated_at\\\":null,\\\"price\\\":\\\"500\\\",\\\"created_at\\\":\\\"2025-03-11 15:08:32\\\"},\\\"quantity\\\":1,\\\"customizationOptions\\\":null,\\\"id\\\":1750939903589},{\\\"product\\\":{\\\"category_title\\\":\\\"T-shirt\\\",\\\"id\\\":2,\\\"title\\\":\\\"Winter Edition2\\\",\\\"description\\\":\\\"Lorem Ipsum is simply dummy text of the printing and typesetting industry. Lorem Ipsum has been the industry\'s standard dummy text ever since the 1500s, when an unknown printer took a galley of type and scrambled it to make a type specimen book. It has survived not only five centuries, but also the leap into electronic typesetting, remaining essentially unchanged. It was popularised in the 1960s with the release of Letraset sheets containing Lorem Ipsum passages, and more recently with desktop publishing software like Aldus PageMaker including versions of Lorem Ipsum.\\\",\\\"qty\\\":\\\"3\\\",\\\"category\\\":1,\\\"image\\\":\\\"https://mms-images.out.customink.com/mms/images/catalog/colors/176100/views/front.jpg?digest=1741307334\\\",\\\"size\\\":\\\"XXL\\\",\\\"model\\\":\\\"https://stizee.com/model/oversized_t-shirt.glb\\\",\\\"text_price\\\":\\\"200\\\",\\\"image_price\\\":\\\"200\\\",\\\"merchant_id\\\":44,\\\"model_mtl\\\":\\\"https://stizee.com/model/uploads_files_3804428_Shirt.mtl\\\",\\\"delivery_amount\\\":\\\"500\\\",\\\"updated_at\\\":\\\"2025-06-20 16:35:40\\\",\\\"price\\\":\\\"500\\\",\\\"created_at\\\":\\\"2025-03-11 15:08:32\\\"},\\\"quantity\\\":1,\\\"customizationOptions\\\":null,\\\"id\\\":1750939916787},{\\\"product\\\":{\\\"category_title\\\":\\\"T-shirt\\\",\\\"id\\\":1,\\\"title\\\":\\\"Summer Collection\\\",\\\"description\\\":\\\"Lorem Ipsum is simply dummy text of the printing and typesetting industry. Lorem Ipsum has been the industry\'s standard dummy text ever since the 1500s, when an unknown printer took a galley of type and scrambled it to make a type specimen book. It has survived not only five centuries, but also the leap into electronic typesetting, remaining essentially unchanged. It was popularised in the 1960s with the release of Letraset sheets containing Lorem Ipsum passages, and more recently with desktop publishing software like Aldus PageMaker including versions of Lorem Ipsum.\\\\r\\\\n\\\\r\\\\n\\\",\\\"qty\\\":\\\"3\\\",\\\"category\\\":1,\\\"image\\\":\\\"https://mms-images.out.customink.com/mms/images/catalog/colors/176100/views/front.jpg?digest=1741307334\\\",\\\"size\\\":\\\"XL\\\",\\\"model\\\":\\\"https://stizee.com/model/oversized_t-shirt.glb\\\",\\\"text_price\\\":\\\"200\\\",\\\"image_price\\\":\\\"200\\\",\\\"merchant_id\\\":44,\\\"model_mtl\\\":\\\"https://stizee.com/model/oversized_t-shirt.glb\\\",\\\"delivery_amount\\\":\\\"5000\\\",\\\"updated_at\\\":null,\\\"price\\\":\\\"500\\\",\\\"created_at\\\":\\\"2025-03-11 15:08:32\\\"},\\\"quantity\\\":1,\\\"customizationOptions\\\":null,\\\"id\\\":1750939917536}],\\\"shipping\\\":{\\\"address\\\":\\\"Andeveien 114, 4847 Arendal, Norway\\\",\\\"phone\\\":\\\"2347042330796\\\",\\\"additionalInfo\\\":\\\"\\\"},\\\"payment\\\":{\\\"subtotal\\\":1722.0,\\\"deliveryFee\\\":500.0,\\\"totalAmount\\\":2222.0},\\\"metadata\\\":{\\\"isFromCart\\\":true,\\\"source\\\":\\\"cart\\\"}}\", \"orderDate\": \"2025-06-26T13:12:21.572679\", \"paymentStatus\": \"completed\", \"paymentReference\": \"439adf95-c735-4a51-b018-f70751d296c4\"}',1722.00,NULL,500.00,2222.00,'pending','2025-06-26 12:12:22',NULL),(18,44,NULL,'d6b53c79-4a34-4b0c-b496-a431d62cdbed','2347042330796','d6b53c79-4a34-4b0c-b496-a431d62cdbed','869581','{\"user_id\": \"44\", \"orderData\": \"{\\\"items\\\":[{\\\"product\\\":{\\\"category_title\\\":\\\"Shoes\\\",\\\"id\\\":4,\\\"title\\\":\\\"fgfdfg\\\",\\\"description\\\":\\\"g\\\",\\\"qty\\\":\\\"22\\\",\\\"category\\\":2,\\\"image\\\":\\\"https://stizee.com/uploadedimages/1750329498_6853e89a5cfd9.jpg\\\",\\\"size\\\":\\\"XL\\\",\\\"model\\\":null,\\\"text_price\\\":null,\\\"image_price\\\":null,\\\"merchant_id\\\":null,\\\"model_mtl\\\":null,\\\"delivery_amount\\\":\\\"0\\\",\\\"updated_at\\\":null,\\\"price\\\":\\\"222\\\",\\\"created_at\\\":\\\"2025-06-19 10:38:19\\\"},\\\"quantity\\\":1,\\\"customizationOptions\\\":null,\\\"id\\\":1750940347565},{\\\"product\\\":{\\\"category_title\\\":\\\"T-shirt\\\",\\\"id\\\":3,\\\"title\\\":\\\"Winter Edition\\\",\\\"description\\\":\\\"Lorem Ipsum is simply dummy text of the printing and typesetting industry. Lorem Ipsum has been the industry\'s standard dummy text ever since the 1500s, when an unknown printer took a galley of type and scrambled it to make a type specimen book. It has survived not only five centuries, but also the leap into electronic typesetting, remaining essentially unchanged. It was popularised in the 1960s with the release of Letraset sheets containing Lorem Ipsum passages, and more recently with desktop publishing software like Aldus PageMaker including versions of Lorem Ipsum.\\\\r\\\\n\\\\r\\\\n\\\",\\\"qty\\\":\\\"3\\\",\\\"category\\\":1,\\\"image\\\":\\\"https://mms-images.out.customink.com/mms/images/catalog/colors/176100/views/front.jpg?digest=1741307334\\\",\\\"size\\\":\\\"XXL\\\",\\\"model\\\":\\\"https://stizee.com/model/oversized_t-shirt.glb\\\",\\\"text_price\\\":\\\"200\\\",\\\"image_price\\\":\\\"200\\\",\\\"merchant_id\\\":null,\\\"model_mtl\\\":\\\"https://stizee.com/model/uploads_files_3804428_Shirt.mtl\\\",\\\"delivery_amount\\\":\\\"500\\\",\\\"updated_at\\\":null,\\\"price\\\":\\\"500\\\",\\\"created_at\\\":\\\"2025-03-11 15:08:32\\\"},\\\"quantity\\\":1,\\\"customizationOptions\\\":null,\\\"id\\\":1750940348030},{\\\"product\\\":{\\\"category_title\\\":\\\"T-shirt\\\",\\\"id\\\":2,\\\"title\\\":\\\"Winter Edition2\\\",\\\"description\\\":\\\"Lorem Ipsum is simply dummy text of the printing and typesetting industry. Lorem Ipsum has been the industry\'s standard dummy text ever since the 1500s, when an unknown printer took a galley of type and scrambled it to make a type specimen book. It has survived not only five centuries, but also the leap into electronic typesetting, remaining essentially unchanged. It was popularised in the 1960s with the release of Letraset sheets containing Lorem Ipsum passages, and more recently with desktop publishing software like Aldus PageMaker including versions of Lorem Ipsum.\\\",\\\"qty\\\":\\\"3\\\",\\\"category\\\":1,\\\"image\\\":\\\"https://mms-images.out.customink.com/mms/images/catalog/colors/176100/views/front.jpg?digest=1741307334\\\",\\\"size\\\":\\\"XXL\\\",\\\"model\\\":\\\"https://stizee.com/model/oversized_t-shirt.glb\\\",\\\"text_price\\\":\\\"200\\\",\\\"image_price\\\":\\\"200\\\",\\\"merchant_id\\\":44,\\\"model_mtl\\\":\\\"https://stizee.com/model/uploads_files_3804428_Shirt.mtl\\\",\\\"delivery_amount\\\":\\\"500\\\",\\\"updated_at\\\":\\\"2025-06-20 16:35:40\\\",\\\"price\\\":\\\"500\\\",\\\"created_at\\\":\\\"2025-03-11 15:08:32\\\"},\\\"quantity\\\":1,\\\"customizationOptions\\\":null,\\\"id\\\":1750940348630},{\\\"product\\\":{\\\"category_title\\\":\\\"T-shirt\\\",\\\"id\\\":1,\\\"title\\\":\\\"Summer Collection\\\",\\\"description\\\":\\\"Lorem Ipsum is simply dummy text of the printing and typesetting industry. Lorem Ipsum has been the industry\'s standard dummy text ever since the 1500s, when an unknown printer took a galley of type and scrambled it to make a type specimen book. It has survived not only five centuries, but also the leap into electronic typesetting, remaining essentially unchanged. It was popularised in the 1960s with the release of Letraset sheets containing Lorem Ipsum passages, and more recently with desktop publishing software like Aldus PageMaker including versions of Lorem Ipsum.\\\\r\\\\n\\\\r\\\\n\\\",\\\"qty\\\":\\\"3\\\",\\\"category\\\":1,\\\"image\\\":\\\"https://mms-images.out.customink.com/mms/images/catalog/colors/176100/views/front.jpg?digest=1741307334\\\",\\\"size\\\":\\\"XL\\\",\\\"model\\\":\\\"https://stizee.com/model/oversized_t-shirt.glb\\\",\\\"text_price\\\":\\\"200\\\",\\\"image_price\\\":\\\"200\\\",\\\"merchant_id\\\":44,\\\"model_mtl\\\":\\\"https://stizee.com/model/oversized_t-shirt.glb\\\",\\\"delivery_amount\\\":\\\"5000\\\",\\\"updated_at\\\":null,\\\"price\\\":\\\"500\\\",\\\"created_at\\\":\\\"2025-03-11 15:08:32\\\"},\\\"quantity\\\":1,\\\"customizationOptions\\\":null,\\\"id\\\":1750940349163}],\\\"shipping\\\":{\\\"address\\\":\\\"Andeveien 114, 4847 Arendal, Norway\\\",\\\"phone\\\":\\\"2347042330796\\\",\\\"additionalInfo\\\":\\\"\\\"},\\\"payment\\\":{\\\"subtotal\\\":1722.0,\\\"deliveryFee\\\":500.0,\\\"totalAmount\\\":2222.0},\\\"metadata\\\":{\\\"isFromCart\\\":true,\\\"source\\\":\\\"cart\\\"}}\", \"orderDate\": \"2025-06-26T13:19:33.789845\", \"paymentStatus\": \"completed\", \"paymentReference\": \"d6b53c79-4a34-4b0c-b496-a431d62cdbed\"}',1722.00,NULL,500.00,2222.00,'pending','2025-06-26 12:19:34',NULL),(19,44,NULL,'86a847da-270f-443a-a81b-32386a414c16','2347042330796','86a847da-270f-443a-a81b-32386a414c16','781925','{\"user_id\": \"44\", \"orderData\": \"{\\\"items\\\":[{\\\"product\\\":{\\\"category_title\\\":\\\"Shoes\\\",\\\"id\\\":4,\\\"title\\\":\\\"fgfdfg\\\",\\\"description\\\":\\\"g\\\",\\\"qty\\\":\\\"22\\\",\\\"category\\\":2,\\\"image\\\":\\\"https://stizee.com/uploadedimages/1750329498_6853e89a5cfd9.jpg\\\",\\\"size\\\":\\\"XL\\\",\\\"model\\\":null,\\\"text_price\\\":null,\\\"image_price\\\":null,\\\"merchant_id\\\":null,\\\"model_mtl\\\":null,\\\"delivery_amount\\\":\\\"0\\\",\\\"updated_at\\\":null,\\\"price\\\":\\\"222\\\",\\\"created_at\\\":\\\"2025-06-19 10:38:19\\\"},\\\"quantity\\\":1,\\\"customizationOptions\\\":null,\\\"id\\\":1750940347565},{\\\"product\\\":{\\\"category_title\\\":\\\"T-shirt\\\",\\\"id\\\":3,\\\"title\\\":\\\"Winter Edition\\\",\\\"description\\\":\\\"Lorem Ipsum is simply dummy text of the printing and typesetting industry. Lorem Ipsum has been the industry\'s standard dummy text ever since the 1500s, when an unknown printer took a galley of type and scrambled it to make a type specimen book. It has survived not only five centuries, but also the leap into electronic typesetting, remaining essentially unchanged. It was popularised in the 1960s with the release of Letraset sheets containing Lorem Ipsum passages, and more recently with desktop publishing software like Aldus PageMaker including versions of Lorem Ipsum.\\\\r\\\\n\\\\r\\\\n\\\",\\\"qty\\\":\\\"3\\\",\\\"category\\\":1,\\\"image\\\":\\\"https://mms-images.out.customink.com/mms/images/catalog/colors/176100/views/front.jpg?digest=1741307334\\\",\\\"size\\\":\\\"XXL\\\",\\\"model\\\":\\\"https://stizee.com/model/oversized_t-shirt.glb\\\",\\\"text_price\\\":\\\"200\\\",\\\"image_price\\\":\\\"200\\\",\\\"merchant_id\\\":null,\\\"model_mtl\\\":\\\"https://stizee.com/model/uploads_files_3804428_Shirt.mtl\\\",\\\"delivery_amount\\\":\\\"500\\\",\\\"updated_at\\\":null,\\\"price\\\":\\\"500\\\",\\\"created_at\\\":\\\"2025-03-11 15:08:32\\\"},\\\"quantity\\\":1,\\\"customizationOptions\\\":null,\\\"id\\\":1750940348030},{\\\"product\\\":{\\\"category_title\\\":\\\"T-shirt\\\",\\\"id\\\":2,\\\"title\\\":\\\"Winter Edition2\\\",\\\"description\\\":\\\"Lorem Ipsum is simply dummy text of the printing and typesetting industry. Lorem Ipsum has been the industry\'s standard dummy text ever since the 1500s, when an unknown printer took a galley of type and scrambled it to make a type specimen book. It has survived not only five centuries, but also the leap into electronic typesetting, remaining essentially unchanged. It was popularised in the 1960s with the release of Letraset sheets containing Lorem Ipsum passages, and more recently with desktop publishing software like Aldus PageMaker including versions of Lorem Ipsum.\\\",\\\"qty\\\":\\\"3\\\",\\\"category\\\":1,\\\"image\\\":\\\"https://mms-images.out.customink.com/mms/images/catalog/colors/176100/views/front.jpg?digest=1741307334\\\",\\\"size\\\":\\\"XXL\\\",\\\"model\\\":\\\"https://stizee.com/model/oversized_t-shirt.glb\\\",\\\"text_price\\\":\\\"200\\\",\\\"image_price\\\":\\\"200\\\",\\\"merchant_id\\\":44,\\\"model_mtl\\\":\\\"https://stizee.com/model/uploads_files_3804428_Shirt.mtl\\\",\\\"delivery_amount\\\":\\\"500\\\",\\\"updated_at\\\":\\\"2025-06-20 16:35:40\\\",\\\"price\\\":\\\"500\\\",\\\"created_at\\\":\\\"2025-03-11 15:08:32\\\"},\\\"quantity\\\":1,\\\"customizationOptions\\\":null,\\\"id\\\":1750940348630},{\\\"product\\\":{\\\"category_title\\\":\\\"T-shirt\\\",\\\"id\\\":1,\\\"title\\\":\\\"Summer Collection\\\",\\\"description\\\":\\\"Lorem Ipsum is simply dummy text of the printing and typesetting industry. Lorem Ipsum has been the industry\'s standard dummy text ever since the 1500s, when an unknown printer took a galley of type and scrambled it to make a type specimen book. It has survived not only five centuries, but also the leap into electronic typesetting, remaining essentially unchanged. It was popularised in the 1960s with the release of Letraset sheets containing Lorem Ipsum passages, and more recently with desktop publishing software like Aldus PageMaker including versions of Lorem Ipsum.\\\\r\\\\n\\\\r\\\\n\\\",\\\"qty\\\":\\\"3\\\",\\\"category\\\":1,\\\"image\\\":\\\"https://mms-images.out.customink.com/mms/images/catalog/colors/176100/views/front.jpg?digest=1741307334\\\",\\\"size\\\":\\\"XL\\\",\\\"model\\\":\\\"https://stizee.com/model/oversized_t-shirt.glb\\\",\\\"text_price\\\":\\\"200\\\",\\\"image_price\\\":\\\"200\\\",\\\"merchant_id\\\":44,\\\"model_mtl\\\":\\\"https://stizee.com/model/oversized_t-shirt.glb\\\",\\\"delivery_amount\\\":\\\"5000\\\",\\\"updated_at\\\":null,\\\"price\\\":\\\"500\\\",\\\"created_at\\\":\\\"2025-03-11 15:08:32\\\"},\\\"quantity\\\":1,\\\"customizationOptions\\\":null,\\\"id\\\":1750940349163}],\\\"shipping\\\":{\\\"address\\\":\\\"Andeveien 114, 4847 Arendal, Norway\\\",\\\"phone\\\":\\\"2347042330796\\\",\\\"additionalInfo\\\":\\\"\\\"},\\\"payment\\\":{\\\"subtotal\\\":1722.0,\\\"deliveryFee\\\":500.0,\\\"totalAmount\\\":2222.0},\\\"metadata\\\":{\\\"isFromCart\\\":true,\\\"source\\\":\\\"cart\\\"}}\", \"orderDate\": \"2025-06-26T13:20:16.928576\", \"paymentStatus\": \"completed\", \"paymentReference\": \"86a847da-270f-443a-a81b-32386a414c16\"}',1722.00,NULL,500.00,2222.00,'pending','2025-06-26 12:20:18',NULL),(20,44,NULL,'ffc5ed5b-48ef-4f56-93bb-596a39dd3926','2347042330796','ffc5ed5b-48ef-4f56-93bb-596a39dd3926','997642','{\"user_id\": \"44\", \"orderData\": \"{\\\"items\\\":[{\\\"product\\\":{\\\"category_title\\\":\\\"Shoes\\\",\\\"id\\\":4,\\\"title\\\":\\\"fgfdfg\\\",\\\"description\\\":\\\"g\\\",\\\"qty\\\":\\\"22\\\",\\\"category\\\":2,\\\"image\\\":\\\"https://stizee.com/uploadedimages/1750329498_6853e89a5cfd9.jpg\\\",\\\"size\\\":\\\"XL\\\",\\\"model\\\":null,\\\"text_price\\\":null,\\\"image_price\\\":null,\\\"merchant_id\\\":null,\\\"model_mtl\\\":null,\\\"delivery_amount\\\":\\\"0\\\",\\\"updated_at\\\":null,\\\"price\\\":\\\"222\\\",\\\"created_at\\\":\\\"2025-06-19 10:38:19\\\"},\\\"quantity\\\":1,\\\"customizationOptions\\\":null,\\\"id\\\":1750940347565},{\\\"product\\\":{\\\"category_title\\\":\\\"T-shirt\\\",\\\"id\\\":3,\\\"title\\\":\\\"Winter Edition\\\",\\\"description\\\":\\\"Lorem Ipsum is simply dummy text of the printing and typesetting industry. Lorem Ipsum has been the industry\'s standard dummy text ever since the 1500s, when an unknown printer took a galley of type and scrambled it to make a type specimen book. It has survived not only five centuries, but also the leap into electronic typesetting, remaining essentially unchanged. It was popularised in the 1960s with the release of Letraset sheets containing Lorem Ipsum passages, and more recently with desktop publishing software like Aldus PageMaker including versions of Lorem Ipsum.\\\\r\\\\n\\\\r\\\\n\\\",\\\"qty\\\":\\\"3\\\",\\\"category\\\":1,\\\"image\\\":\\\"https://mms-images.out.customink.com/mms/images/catalog/colors/176100/views/front.jpg?digest=1741307334\\\",\\\"size\\\":\\\"XXL\\\",\\\"model\\\":\\\"https://stizee.com/model/oversized_t-shirt.glb\\\",\\\"text_price\\\":\\\"200\\\",\\\"image_price\\\":\\\"200\\\",\\\"merchant_id\\\":null,\\\"model_mtl\\\":\\\"https://stizee.com/model/uploads_files_3804428_Shirt.mtl\\\",\\\"delivery_amount\\\":\\\"500\\\",\\\"updated_at\\\":null,\\\"price\\\":\\\"500\\\",\\\"created_at\\\":\\\"2025-03-11 15:08:32\\\"},\\\"quantity\\\":1,\\\"customizationOptions\\\":null,\\\"id\\\":1750940348030},{\\\"product\\\":{\\\"category_title\\\":\\\"T-shirt\\\",\\\"id\\\":2,\\\"title\\\":\\\"Winter Edition2\\\",\\\"description\\\":\\\"Lorem Ipsum is simply dummy text of the printing and typesetting industry. Lorem Ipsum has been the industry\'s standard dummy text ever since the 1500s, when an unknown printer took a galley of type and scrambled it to make a type specimen book. It has survived not only five centuries, but also the leap into electronic typesetting, remaining essentially unchanged. It was popularised in the 1960s with the release of Letraset sheets containing Lorem Ipsum passages, and more recently with desktop publishing software like Aldus PageMaker including versions of Lorem Ipsum.\\\",\\\"qty\\\":\\\"3\\\",\\\"category\\\":1,\\\"image\\\":\\\"https://mms-images.out.customink.com/mms/images/catalog/colors/176100/views/front.jpg?digest=1741307334\\\",\\\"size\\\":\\\"XXL\\\",\\\"model\\\":\\\"https://stizee.com/model/oversized_t-shirt.glb\\\",\\\"text_price\\\":\\\"200\\\",\\\"image_price\\\":\\\"200\\\",\\\"merchant_id\\\":44,\\\"model_mtl\\\":\\\"https://stizee.com/model/uploads_files_3804428_Shirt.mtl\\\",\\\"delivery_amount\\\":\\\"500\\\",\\\"updated_at\\\":\\\"2025-06-20 16:35:40\\\",\\\"price\\\":\\\"500\\\",\\\"created_at\\\":\\\"2025-03-11 15:08:32\\\"},\\\"quantity\\\":1,\\\"customizationOptions\\\":null,\\\"id\\\":1750940348630},{\\\"product\\\":{\\\"category_title\\\":\\\"T-shirt\\\",\\\"id\\\":1,\\\"title\\\":\\\"Summer Collection\\\",\\\"description\\\":\\\"Lorem Ipsum is simply dummy text of the printing and typesetting industry. Lorem Ipsum has been the industry\'s standard dummy text ever since the 1500s, when an unknown printer took a galley of type and scrambled it to make a type specimen book. It has survived not only five centuries, but also the leap into electronic typesetting, remaining essentially unchanged. It was popularised in the 1960s with the release of Letraset sheets containing Lorem Ipsum passages, and more recently with desktop publishing software like Aldus PageMaker including versions of Lorem Ipsum.\\\\r\\\\n\\\\r\\\\n\\\",\\\"qty\\\":\\\"3\\\",\\\"category\\\":1,\\\"image\\\":\\\"https://mms-images.out.customink.com/mms/images/catalog/colors/176100/views/front.jpg?digest=1741307334\\\",\\\"size\\\":\\\"XL\\\",\\\"model\\\":\\\"https://stizee.com/model/oversized_t-shirt.glb\\\",\\\"text_price\\\":\\\"200\\\",\\\"image_price\\\":\\\"200\\\",\\\"merchant_id\\\":44,\\\"model_mtl\\\":\\\"https://stizee.com/model/oversized_t-shirt.glb\\\",\\\"delivery_amount\\\":\\\"5000\\\",\\\"updated_at\\\":null,\\\"price\\\":\\\"500\\\",\\\"created_at\\\":\\\"2025-03-11 15:08:32\\\"},\\\"quantity\\\":1,\\\"customizationOptions\\\":null,\\\"id\\\":1750940349163}],\\\"shipping\\\":{\\\"address\\\":\\\"Andeveien 114, 4847 Arendal, Norway\\\",\\\"phone\\\":\\\"2347042330796\\\",\\\"additionalInfo\\\":\\\"\\\"},\\\"payment\\\":{\\\"subtotal\\\":1722.0,\\\"deliveryFee\\\":500.0,\\\"totalAmount\\\":2222.0},\\\"metadata\\\":{\\\"isFromCart\\\":true,\\\"source\\\":\\\"cart\\\"}}\", \"orderDate\": \"2025-06-26T13:25:14.241289\", \"paymentStatus\": \"completed\", \"paymentReference\": \"ffc5ed5b-48ef-4f56-93bb-596a39dd3926\"}',1722.00,NULL,500.00,2222.00,'pending','2025-06-26 12:25:15',NULL),(21,44,NULL,'45bbf513-09a3-48f7-bcfc-f70a3d673182','2347042330796','45bbf513-09a3-48f7-bcfc-f70a3d673182','402240','{\"user_id\": \"44\", \"orderData\": \"{\\\"items\\\":[{\\\"product\\\":{\\\"category_title\\\":\\\"Shoes\\\",\\\"id\\\":4,\\\"title\\\":\\\"fgfdfg\\\",\\\"description\\\":\\\"g\\\",\\\"qty\\\":\\\"22\\\",\\\"category\\\":2,\\\"image\\\":\\\"https://stizee.com/uploadedimages/1750329498_6853e89a5cfd9.jpg\\\",\\\"size\\\":\\\"XL\\\",\\\"model\\\":null,\\\"text_price\\\":null,\\\"image_price\\\":null,\\\"merchant_id\\\":null,\\\"model_mtl\\\":null,\\\"delivery_amount\\\":\\\"0\\\",\\\"updated_at\\\":null,\\\"price\\\":\\\"222\\\",\\\"created_at\\\":\\\"2025-06-19 10:38:19\\\"},\\\"quantity\\\":1,\\\"customizationOptions\\\":null,\\\"id\\\":1750940944440},{\\\"product\\\":{\\\"category_title\\\":\\\"T-shirt\\\",\\\"id\\\":3,\\\"title\\\":\\\"Winter Edition\\\",\\\"description\\\":\\\"Lorem Ipsum is simply dummy text of the printing and typesetting industry. Lorem Ipsum has been the industry\'s standard dummy text ever since the 1500s, when an unknown printer took a galley of type and scrambled it to make a type specimen book. It has survived not only five centuries, but also the leap into electronic typesetting, remaining essentially unchanged. It was popularised in the 1960s with the release of Letraset sheets containing Lorem Ipsum passages, and more recently with desktop publishing software like Aldus PageMaker including versions of Lorem Ipsum.\\\\r\\\\n\\\\r\\\\n\\\",\\\"qty\\\":\\\"3\\\",\\\"category\\\":1,\\\"image\\\":\\\"https://mms-images.out.customink.com/mms/images/catalog/colors/176100/views/front.jpg?digest=1741307334\\\",\\\"size\\\":\\\"XXL\\\",\\\"model\\\":\\\"https://stizee.com/model/oversized_t-shirt.glb\\\",\\\"text_price\\\":\\\"200\\\",\\\"image_price\\\":\\\"200\\\",\\\"merchant_id\\\":null,\\\"model_mtl\\\":\\\"https://stizee.com/model/uploads_files_3804428_Shirt.mtl\\\",\\\"delivery_amount\\\":\\\"500\\\",\\\"updated_at\\\":null,\\\"price\\\":\\\"500\\\",\\\"created_at\\\":\\\"2025-03-11 15:08:32\\\"},\\\"quantity\\\":1,\\\"customizationOptions\\\":null,\\\"id\\\":1750940945240},{\\\"product\\\":{\\\"category_title\\\":\\\"T-shirt\\\",\\\"id\\\":2,\\\"title\\\":\\\"Winter Edition2\\\",\\\"description\\\":\\\"Lorem Ipsum is simply dummy text of the printing and typesetting industry. Lorem Ipsum has been the industry\'s standard dummy text ever since the 1500s, when an unknown printer took a galley of type and scrambled it to make a type specimen book. It has survived not only five centuries, but also the leap into electronic typesetting, remaining essentially unchanged. It was popularised in the 1960s with the release of Letraset sheets containing Lorem Ipsum passages, and more recently with desktop publishing software like Aldus PageMaker including versions of Lorem Ipsum.\\\",\\\"qty\\\":\\\"3\\\",\\\"category\\\":1,\\\"image\\\":\\\"https://mms-images.out.customink.com/mms/images/catalog/colors/176100/views/front.jpg?digest=1741307334\\\",\\\"size\\\":\\\"XXL\\\",\\\"model\\\":\\\"https://stizee.com/model/oversized_t-shirt.glb\\\",\\\"text_price\\\":\\\"200\\\",\\\"image_price\\\":\\\"200\\\",\\\"merchant_id\\\":44,\\\"model_mtl\\\":\\\"https://stizee.com/model/uploads_files_3804428_Shirt.mtl\\\",\\\"delivery_amount\\\":\\\"500\\\",\\\"updated_at\\\":\\\"2025-06-20 16:35:40\\\",\\\"price\\\":\\\"500\\\",\\\"created_at\\\":\\\"2025-03-11 15:08:32\\\"},\\\"quantity\\\":1,\\\"customizationOptions\\\":null,\\\"id\\\":1750940946273},{\\\"product\\\":{\\\"category_title\\\":\\\"T-shirt\\\",\\\"id\\\":1,\\\"title\\\":\\\"Summer Collection\\\",\\\"description\\\":\\\"Lorem Ipsum is simply dummy text of the printing and typesetting industry. Lorem Ipsum has been the industry\'s standard dummy text ever since the 1500s, when an unknown printer took a galley of type and scrambled it to make a type specimen book. It has survived not only five centuries, but also the leap into electronic typesetting, remaining essentially unchanged. It was popularised in the 1960s with the release of Letraset sheets containing Lorem Ipsum passages, and more recently with desktop publishing software like Aldus PageMaker including versions of Lorem Ipsum.\\\\r\\\\n\\\\r\\\\n\\\",\\\"qty\\\":\\\"3\\\",\\\"category\\\":1,\\\"image\\\":\\\"https://mms-images.out.customink.com/mms/images/catalog/colors/176100/views/front.jpg?digest=1741307334\\\",\\\"size\\\":\\\"XL\\\",\\\"model\\\":\\\"https://stizee.com/model/oversized_t-shirt.glb\\\",\\\"text_price\\\":\\\"200\\\",\\\"image_price\\\":\\\"200\\\",\\\"merchant_id\\\":44,\\\"model_mtl\\\":\\\"https://stizee.com/model/oversized_t-shirt.glb\\\",\\\"delivery_amount\\\":\\\"5000\\\",\\\"updated_at\\\":null,\\\"price\\\":\\\"500\\\",\\\"created_at\\\":\\\"2025-03-11 15:08:32\\\"},\\\"quantity\\\":1,\\\"customizationOptions\\\":null,\\\"id\\\":1750940947223}],\\\"shipping\\\":{\\\"address\\\":\\\"Andeveien 114, 4847 Arendal, Norway\\\",\\\"phone\\\":\\\"2347042330796\\\",\\\"additionalInfo\\\":\\\"\\\"},\\\"payment\\\":{\\\"subtotal\\\":1722.0,\\\"deliveryFee\\\":500.0,\\\"totalAmount\\\":2222.0},\\\"metadata\\\":{\\\"isFromCart\\\":true,\\\"source\\\":\\\"cart\\\"}}\", \"orderDate\": \"2025-06-26T13:29:48.230056\", \"paymentStatus\": \"completed\", \"paymentReference\": \"45bbf513-09a3-48f7-bcfc-f70a3d673182\"}',1722.00,NULL,500.00,2222.00,'processing','2025-06-26 12:29:49','2025-06-26 12:36:57'),(22,44,1,'43972389-f60c-4745-923f-413525fe5400','2347042330796','43972389-f60c-4745-923f-413525fe5400','202146','{\"user_id\": \"44\", \"orderData\": \"{\\\"items\\\":[{\\\"product\\\":{\\\"category_title\\\":\\\"T-shirt\\\",\\\"id\\\":1,\\\"title\\\":\\\"Summer Collection\\\",\\\"description\\\":\\\"Lorem Ipsum is simply dummy text of the printing and typesetting industry. Lorem Ipsum has been the industry\'s standard dummy text ever since the 1500s, when an unknown printer took a galley of type and scrambled it to make a type specimen book. It has survived not only five centuries, but also the leap into electronic typesetting, remaining essentially unchanged. It was popularised in the 1960s with the release of Letraset sheets containing Lorem Ipsum passages, and more recently with desktop publishing software like Aldus PageMaker including versions of Lorem Ipsum.\\\\r\\\\n\\\\r\\\\n\\\",\\\"qty\\\":\\\"3\\\",\\\"category\\\":1,\\\"image\\\":\\\"https://mms-images.out.customink.com/mms/images/catalog/colors/176100/views/front.jpg?digest=1741307334\\\",\\\"size\\\":\\\"XL\\\",\\\"model\\\":\\\"https://stizee.com/model/oversized_t-shirt.glb\\\",\\\"text_price\\\":\\\"200\\\",\\\"image_price\\\":\\\"200\\\",\\\"merchant_id\\\":44,\\\"model_mtl\\\":\\\"https://stizee.com/model/oversized_t-shirt.glb\\\",\\\"delivery_amount\\\":\\\"5000\\\",\\\"updated_at\\\":null,\\\"price\\\":\\\"500\\\",\\\"created_at\\\":\\\"2025-03-11 15:08:32\\\"},\\\"quantity\\\":1,\\\"customizationOptions\\\":null,\\\"id\\\":1750941579293},{\\\"product\\\":{\\\"category_title\\\":\\\"T-shirt\\\",\\\"id\\\":3,\\\"title\\\":\\\"Winter Edition\\\",\\\"description\\\":\\\"Lorem Ipsum is simply dummy text of the printing and typesetting industry. Lorem Ipsum has been the industry\'s standard dummy text ever since the 1500s, when an unknown printer took a galley of type and scrambled it to make a type specimen book. It has survived not only five centuries, but also the leap into electronic typesetting, remaining essentially unchanged. It was popularised in the 1960s with the release of Letraset sheets containing Lorem Ipsum passages, and more recently with desktop publishing software like Aldus PageMaker including versions of Lorem Ipsum.\\\\r\\\\n\\\\r\\\\n\\\",\\\"qty\\\":\\\"3\\\",\\\"category\\\":1,\\\"image\\\":\\\"https://mms-images.out.customink.com/mms/images/catalog/colors/176100/views/front.jpg?digest=1741307334\\\",\\\"size\\\":\\\"XXL\\\",\\\"model\\\":\\\"https://stizee.com/model/oversized_t-shirt.glb\\\",\\\"text_price\\\":\\\"200\\\",\\\"image_price\\\":\\\"200\\\",\\\"merchant_id\\\":null,\\\"model_mtl\\\":\\\"https://stizee.com/model/uploads_files_3804428_Shirt.mtl\\\",\\\"delivery_amount\\\":\\\"500\\\",\\\"updated_at\\\":null,\\\"price\\\":\\\"500\\\",\\\"created_at\\\":\\\"2025-03-11 15:08:32\\\"},\\\"quantity\\\":1,\\\"customizationOptions\\\":null,\\\"id\\\":1750941580191},{\\\"product\\\":{\\\"category_title\\\":\\\"T-shirt\\\",\\\"id\\\":2,\\\"title\\\":\\\"Winter Edition2\\\",\\\"description\\\":\\\"Lorem Ipsum is simply dummy text of the printing and typesetting industry. Lorem Ipsum has been the industry\'s standard dummy text ever since the 1500s, when an unknown printer took a galley of type and scrambled it to make a type specimen book. It has survived not only five centuries, but also the leap into electronic typesetting, remaining essentially unchanged. It was popularised in the 1960s with the release of Letraset sheets containing Lorem Ipsum passages, and more recently with desktop publishing software like Aldus PageMaker including versions of Lorem Ipsum.\\\",\\\"qty\\\":\\\"3\\\",\\\"category\\\":1,\\\"image\\\":\\\"https://mms-images.out.customink.com/mms/images/catalog/colors/176100/views/front.jpg?digest=1741307334\\\",\\\"size\\\":\\\"XXL\\\",\\\"model\\\":\\\"https://stizee.com/model/oversized_t-shirt.glb\\\",\\\"text_price\\\":\\\"200\\\",\\\"image_price\\\":\\\"200\\\",\\\"merchant_id\\\":44,\\\"model_mtl\\\":\\\"https://stizee.com/model/uploads_files_3804428_Shirt.mtl\\\",\\\"delivery_amount\\\":\\\"500\\\",\\\"updated_at\\\":\\\"2025-06-20 16:35:40\\\",\\\"price\\\":\\\"500\\\",\\\"created_at\\\":\\\"2025-03-11 15:08:32\\\"},\\\"quantity\\\":1,\\\"customizationOptions\\\":null,\\\"id\\\":1750941580824},{\\\"product\\\":{\\\"category_title\\\":\\\"Shoes\\\",\\\"id\\\":4,\\\"title\\\":\\\"fgfdfg\\\",\\\"description\\\":\\\"g\\\",\\\"qty\\\":\\\"22\\\",\\\"category\\\":2,\\\"image\\\":\\\"https://stizee.com/uploadedimages/1750329498_6853e89a5cfd9.jpg\\\",\\\"size\\\":\\\"XL\\\",\\\"model\\\":null,\\\"text_price\\\":null,\\\"image_price\\\":null,\\\"merchant_id\\\":null,\\\"model_mtl\\\":null,\\\"delivery_amount\\\":\\\"0\\\",\\\"updated_at\\\":null,\\\"price\\\":\\\"222\\\",\\\"created_at\\\":\\\"2025-06-19 10:38:19\\\"},\\\"quantity\\\":1,\\\"customizationOptions\\\":null,\\\"id\\\":1750941581274}],\\\"shipping\\\":{\\\"address\\\":\\\"Andeveien 114, 4847 Arendal, Norway\\\",\\\"phone\\\":\\\"2347042330796\\\",\\\"additionalInfo\\\":\\\"\\\"},\\\"payment\\\":{\\\"subtotal\\\":1722.0,\\\"deliveryFee\\\":500.0,\\\"totalAmount\\\":2222.0},\\\"metadata\\\":{\\\"isFromCart\\\":true,\\\"source\\\":\\\"cart\\\"}}\", \"orderDate\": \"2025-06-26T13:40:08.056955\", \"paymentStatus\": \"completed\", \"paymentReference\": \"43972389-f60c-4745-923f-413525fe5400\"}',1722.00,NULL,500.00,2222.00,'delivered','2025-06-26 12:40:09','2025-08-03 14:12:29'),(23,44,2,'b4520eb7-bc52-4def-89ab-96e99a255453','8087844584','b4520eb7-bc52-4def-89ab-96e99a255453','192875','{\"images\": [{}], \"user_id\": \"44\", \"orderData\": \"{\\\"items\\\":[{\\\"product\\\":{\\\"category_title\\\":\\\"T-shirt\\\",\\\"id\\\":2,\\\"title\\\":\\\"Winter Edition2\\\",\\\"description\\\":\\\"Lorem Ipsum is simply dummy text of the printing and typesetting industry. Lorem Ipsum has been the industry\'s standard dummy text ever since the 1500s, when an unknown printer took a galley of type and scrambled it to make a type specimen book. It has survived not only five centuries, but also the leap into electronic typesetting, remaining essentially unchanged. It was popularised in the 1960s with the release of Letraset sheets containing Lorem Ipsum passages, and more recently with desktop publishing software like Aldus PageMaker including versions of Lorem Ipsum.\\\",\\\"qty\\\":\\\"3\\\",\\\"category\\\":1,\\\"image\\\":\\\"https://mms-images.out.customink.com/mms/images/catalog/colors/176100/views/front.jpg?digest=1741307334\\\",\\\"size\\\":\\\"XXL\\\",\\\"model\\\":\\\"https://stizee.com/model/oversized_t-shirt.glb\\\",\\\"text_price\\\":\\\"200\\\",\\\"image_price\\\":\\\"200\\\",\\\"merchant_id\\\":44,\\\"model_mtl\\\":\\\"https://stizee.com/model/uploads_files_3804428_Shirt.mtl\\\",\\\"delivery_amount\\\":\\\"500\\\",\\\"updated_at\\\":\\\"2025-06-20 16:35:40\\\",\\\"price\\\":\\\"500\\\",\\\"created_at\\\":\\\"2025-03-11 15:08:32\\\",\\\"merchant\\\":{\\\"id\\\":44,\\\"name\\\":\\\"godspower p\\\",\\\"email\\\":\\\"allphonesblog@gmail.com\\\",\\\"token\\\":\\\"5558\\\",\\\"email_verified_at\\\":null,\\\"password\\\":\\\"$2y$12$6Z4r2JS0gNFGJk4neRZKaOzgGJWzbGz4m1WjlZqfP6lSS6lLRxQCm\\\",\\\"verified\\\":1,\\\"version\\\":null,\\\"fcm\\\":null,\\\"remember_token\\\":null,\\\"login\\\":1,\\\"is_merchant\\\":1,\\\"device_token\\\":null,\\\"bvn\\\":null,\\\"account_number\\\":\\\"2090666793\\\",\\\"account_name\\\":\\\"OJO PATRICK AKOMOLEDE\\\",\\\"account_bank\\\":\\\"United Bank for Africa Plc\\\",\\\"wallet\\\":\\\"499804112\\\",\\\"image\\\":\\\"https://static.vecteezy.com/system/resources/thumbnails/003/337/584/small/default-avatar-photo-placeholder-profile-icon-vector.jpg\\\",\\\"bank_code\\\":\\\"033\\\",\\\"created_at\\\":null,\\\"updated_at\\\":\\\"2025-05-04 02:16:38\\\"},\\\"hasText\\\":false,\\\"hasImage\\\":false,\\\"selectedSize\\\":\\\"XL\\\",\\\"imagepath\\\":\\\"/var/mobile/Containers/Data/Application/962BD732-B0DC-4BF3-BD5C-053319B703AE/Library/Caches/customized_product_2_combined_1751326206759.png\\\"},\\\"quantity\\\":1,\\\"customizationOptions\\\":{\\\"hasText\\\":false,\\\"hasImage\\\":false,\\\"selectedSize\\\":\\\"XL\\\",\\\"imagepath\\\":\\\"/var/mobile/Containers/Data/Application/962BD732-B0DC-4BF3-BD5C-053319B703AE/Library/Caches/customized_product_2_combined_1751326206759.png\\\"},\\\"id\\\":1751326210541}],\\\"shipping\\\":{\\\"address\\\":\\\"Abuja\\\",\\\"phone\\\":\\\"8087844584\\\",\\\"additionalInfo\\\":\\\"\\\"},\\\"payment\\\":{\\\"subtotal\\\":500.0,\\\"deliveryFee\\\":500.0,\\\"totalAmount\\\":1000.0},\\\"metadata\\\":{\\\"isFromCart\\\":true,\\\"source\\\":\\\"cart\\\"}}\", \"orderDate\": \"2025-07-01T00:30:32.458538\", \"printSizes\": \"[{\\\"index\\\":0,\\\"size\\\":\\\"\\\"}]\", \"paymentStatus\": \"completed\", \"paymentReference\": \"b4520eb7-bc52-4def-89ab-96e99a255453\"}',500.00,NULL,500.00,1000.00,'delivered','2025-06-30 23:30:34','2025-08-03 12:52:36'),(24,44,16,'3c91bc60-7fbc-4678-aba6-ef4f66fff426','54545544','3c91bc60-7fbc-4678-aba6-ef4f66fff426','824669','{\"user_id\": \"44\", \"orderData\": \"{\\\"items\\\":[{\\\"product\\\":{\\\"category_title\\\":\\\"Shoes\\\",\\\"id\\\":16,\\\"title\\\":\\\"cloth uk\\\",\\\"description\\\":\\\"Print you best design\\\",\\\"qty\\\":\\\"100\\\",\\\"category\\\":2,\\\"image\\\":\\\"https://stizee.com/uploadedimages/1751532443_6866439bdf42c.jpg\\\",\\\"size\\\":\\\"XL\\\",\\\"model\\\":null,\\\"text_price\\\":\\\"200\\\",\\\"image_price\\\":\\\"200\\\",\\\"merchant_id\\\":44,\\\"model_mtl\\\":null,\\\"delivery_amount\\\":\\\"500\\\",\\\"updated_at\\\":null,\\\"price\\\":\\\"200\\\",\\\"created_at\\\":\\\"2025-07-03 08:47:24\\\",\\\"merchant\\\":{\\\"id\\\":44,\\\"name\\\":\\\"godspower p\\\",\\\"email\\\":\\\"allphonesblog@gmail.com\\\",\\\"token\\\":\\\"5558\\\",\\\"email_verified_at\\\":null,\\\"password\\\":\\\"$2y$12$6Z4r2JS0gNFGJk4neRZKaOzgGJWzbGz4m1WjlZqfP6lSS6lLRxQCm\\\",\\\"verified\\\":1,\\\"version\\\":null,\\\"fcm\\\":null,\\\"remember_token\\\":null,\\\"login\\\":1,\\\"is_merchant\\\":1,\\\"device_token\\\":null,\\\"bvn\\\":null,\\\"account_number\\\":\\\"0037984950\\\",\\\"account_name\\\":\\\"LUCKY  JOSEPH\\\",\\\"account_bank\\\":\\\"Stanbic IBTC Bank Plc\\\",\\\"wallet\\\":\\\"499804112\\\",\\\"image\\\":\\\"https://static.vecteezy.com/system/resources/thumbnails/003/337/584/small/default-avatar-photo-placeholder-profile-icon-vector.jpg\\\",\\\"bank_code\\\":\\\"221\\\",\\\"created_at\\\":null,\\\"updated_at\\\":\\\"2025-05-04 02:16:38\\\"}},\\\"quantity\\\":1,\\\"customizationOptions\\\":null,\\\"id\\\":1751533425255}],\\\"shipping\\\":{\\\"address\\\":\\\"test\\\",\\\"phone\\\":\\\"54545544\\\",\\\"additionalInfo\\\":\\\"\\\"},\\\"payment\\\":{\\\"subtotal\\\":200.0,\\\"deliveryFee\\\":500.0,\\\"totalAmount\\\":700.0},\\\"metadata\\\":{\\\"isFromCart\\\":true,\\\"source\\\":\\\"cart\\\"}}\", \"orderDate\": \"2025-07-03T10:04:05.532927\", \"paymentStatus\": \"completed\", \"paymentReference\": \"3c91bc60-7fbc-4678-aba6-ef4f66fff426\"}',200.00,NULL,500.00,700.00,'delivered','2025-07-03 09:04:06','2025-08-11 19:22:52'),(25,44,22,'9258fc3d-fcca-43dd-8811-313e929cbd82','08074725983','9258fc3d-fcca-43dd-8811-313e929cbd82','395579','{\"images\": [{}], \"user_id\": \"44\", \"orderData\": \"{\\\"items\\\":[{\\\"product\\\":{\\\"category_title\\\":\\\"Ranking\\\",\\\"id\\\":22,\\\"title\\\":\\\"Illum consectetur\\\",\\\"description\\\":\\\"Ipsam possimus adip\\\",\\\"qty\\\":\\\"611\\\",\\\"category\\\":9,\\\"image\\\":\\\"https://stizee.com/uploads/products/1753376734_main_Screenshot 2025-07-24 at 17.18.54.png\\\",\\\"color\\\":null,\\\"sizes\\\":null,\\\"size\\\":\\\"XXL\\\",\\\"model\\\":null,\\\"text_price\\\":null,\\\"image_price\\\":null,\\\"merchant_id\\\":null,\\\"model_mtl\\\":null,\\\"backimage\\\":\\\"https://stizee.com/default.png\\\",\\\"delivery_amount\\\":\\\"0\\\",\\\"updated_at\\\":\\\"2025-07-24 17:05:34\\\",\\\"price\\\":\\\"765\\\",\\\"created_at\\\":\\\"2025-07-24 17:05:34\\\",\\\"hasText\\\":false,\\\"hasImage\\\":false,\\\"selectedSize\\\":\\\"XL\\\",\\\"imagepath\\\":\\\"/data/user/0/com.example.stizee/cache/customized_product_22_combined_1755354186227.png\\\"},\\\"quantity\\\":1,\\\"customizationOptions\\\":{\\\"hasText\\\":false,\\\"hasImage\\\":false,\\\"selectedSize\\\":\\\"XL\\\",\\\"imagepath\\\":\\\"/data/user/0/com.example.stizee/cache/customized_product_22_combined_1755354186227.png\\\"},\\\"id\\\":1755354190504}],\\\"shipping\\\":{\\\"address\\\":\\\"abuna\\\",\\\"phone\\\":\\\"08074725983\\\",\\\"additionalInfo\\\":\\\"hshah \\\"},\\\"payment\\\":{\\\"subtotal\\\":765.0,\\\"deliveryFee\\\":500.0,\\\"totalAmount\\\":1265.0},\\\"metadata\\\":{\\\"isFromCart\\\":true,\\\"source\\\":\\\"cart\\\"}}\", \"orderDate\": \"2025-08-16T15:23:38.229014\", \"printSizes\": \"[{\\\"index\\\":0,\\\"size\\\":\\\"\\\"}]\", \"paymentStatus\": \"completed\", \"paymentReference\": \"9258fc3d-fcca-43dd-8811-313e929cbd82\"}',765.00,NULL,500.00,1265.00,'pending','2025-08-16 14:23:39',NULL),(27,44,22,'2c768aa4-2279-43ed-8672-0c8b76b1a173','08074725983','2c768aa4-2279-43ed-8672-0c8b76b1a173','895067','{\"images\": [{}], \"user_id\": \"44\", \"orderData\": \"{\\\"items\\\":[{\\\"product\\\":{\\\"category_title\\\":\\\"Ranking\\\",\\\"id\\\":22,\\\"title\\\":\\\"Illum consectetur\\\",\\\"description\\\":\\\"Ipsam possimus adip\\\",\\\"qty\\\":\\\"611\\\",\\\"category\\\":9,\\\"image\\\":\\\"https://stizee.com/uploads/products/1753376734_main_Screenshot 2025-07-24 at 17.18.54.png\\\",\\\"color\\\":null,\\\"sizes\\\":null,\\\"size\\\":\\\"XXL\\\",\\\"model\\\":null,\\\"text_price\\\":null,\\\"image_price\\\":null,\\\"merchant_id\\\":null,\\\"model_mtl\\\":null,\\\"backimage\\\":\\\"https://stizee.com/default.png\\\",\\\"delivery_amount\\\":\\\"0\\\",\\\"updated_at\\\":\\\"2025-07-24 17:05:34\\\",\\\"price\\\":\\\"765\\\",\\\"created_at\\\":\\\"2025-07-24 17:05:34\\\",\\\"hasText\\\":false,\\\"hasImage\\\":false,\\\"selectedSize\\\":\\\"XL\\\",\\\"imagepath\\\":\\\"/data/user/0/com.example.stizee/cache/customized_product_22_combined_1755354186227.png\\\"},\\\"quantity\\\":1,\\\"customizationOptions\\\":{\\\"hasText\\\":false,\\\"hasImage\\\":false,\\\"selectedSize\\\":\\\"XL\\\",\\\"imagepath\\\":\\\"/data/user/0/com.example.stizee/cache/customized_product_22_combined_1755354186227.png\\\"},\\\"id\\\":1755354190504}],\\\"shipping\\\":{\\\"address\\\":\\\"abuna\\\",\\\"phone\\\":\\\"08074725983\\\",\\\"additionalInfo\\\":\\\"hshah \\\"},\\\"payment\\\":{\\\"subtotal\\\":765.0,\\\"deliveryFee\\\":500.0,\\\"totalAmount\\\":1265.0},\\\"metadata\\\":{\\\"isFromCart\\\":true,\\\"source\\\":\\\"cart\\\"}}\", \"orderDate\": \"2025-08-16T15:24:18.019985\", \"printSizes\": \"[{\\\"index\\\":0,\\\"size\\\":\\\"\\\"}]\", \"paymentStatus\": \"completed\", \"paymentReference\": \"2c768aa4-2279-43ed-8672-0c8b76b1a173\"}',765.00,NULL,500.00,1265.00,'pending','2025-08-16 14:24:19',NULL),(29,44,22,'78fe316f-539d-415d-89be-72a8c9522b0b','08074725983','78fe316f-539d-415d-89be-72a8c9522b0b','505656','{\"images\": [{}], \"user_id\": \"44\", \"orderData\": \"{\\\"items\\\":[{\\\"product\\\":{\\\"category_title\\\":\\\"Ranking\\\",\\\"id\\\":22,\\\"title\\\":\\\"Illum consectetur\\\",\\\"description\\\":\\\"Ipsam possimus adip\\\",\\\"qty\\\":\\\"611\\\",\\\"category\\\":9,\\\"image\\\":\\\"https://stizee.com/uploads/products/1753376734_main_Screenshot 2025-07-24 at 17.18.54.png\\\",\\\"color\\\":null,\\\"sizes\\\":null,\\\"size\\\":\\\"XXL\\\",\\\"model\\\":null,\\\"text_price\\\":null,\\\"image_price\\\":null,\\\"merchant_id\\\":null,\\\"model_mtl\\\":null,\\\"backimage\\\":\\\"https://stizee.com/default.png\\\",\\\"delivery_amount\\\":\\\"0\\\",\\\"updated_at\\\":\\\"2025-07-24 17:05:34\\\",\\\"price\\\":\\\"765\\\",\\\"created_at\\\":\\\"2025-07-24 17:05:34\\\",\\\"hasText\\\":false,\\\"hasImage\\\":false,\\\"selectedSize\\\":\\\"XL\\\",\\\"imagepath\\\":\\\"/data/user/0/com.example.stizee/cache/customized_product_22_combined_1755354186227.png\\\"},\\\"quantity\\\":1,\\\"customizationOptions\\\":{\\\"hasText\\\":false,\\\"hasImage\\\":false,\\\"selectedSize\\\":\\\"XL\\\",\\\"imagepath\\\":\\\"/data/user/0/com.example.stizee/cache/customized_product_22_combined_1755354186227.png\\\"},\\\"id\\\":1755354190504}],\\\"shipping\\\":{\\\"address\\\":\\\"abuna\\\",\\\"phone\\\":\\\"08074725983\\\",\\\"additionalInfo\\\":\\\"hshah \\\"},\\\"payment\\\":{\\\"subtotal\\\":765.0,\\\"deliveryFee\\\":500.0,\\\"totalAmount\\\":1265.0},\\\"metadata\\\":{\\\"isFromCart\\\":true,\\\"source\\\":\\\"cart\\\"}}\", \"orderDate\": \"2025-08-16T15:25:24.845375\", \"printSizes\": \"[{\\\"index\\\":0,\\\"size\\\":\\\"\\\"}]\", \"paymentStatus\": \"completed\", \"paymentReference\": \"78fe316f-539d-415d-89be-72a8c9522b0b\"}',765.00,NULL,500.00,1265.00,'pending','2025-08-16 14:25:26',NULL),(31,44,22,'2895035f-0f56-405f-a2de-0e9d3610f084','08074725983','2895035f-0f56-405f-a2de-0e9d3610f084','394316','{\"images\": [{}], \"user_id\": \"44\", \"orderData\": \"{\\\"items\\\":[{\\\"product\\\":{\\\"category_title\\\":\\\"Ranking\\\",\\\"id\\\":22,\\\"title\\\":\\\"Illum consectetur\\\",\\\"description\\\":\\\"Ipsam possimus adip\\\",\\\"qty\\\":\\\"611\\\",\\\"category\\\":9,\\\"image\\\":\\\"https://stizee.com/uploads/products/1753376734_main_Screenshot 2025-07-24 at 17.18.54.png\\\",\\\"color\\\":null,\\\"sizes\\\":null,\\\"size\\\":\\\"XXL\\\",\\\"model\\\":null,\\\"text_price\\\":null,\\\"image_price\\\":null,\\\"merchant_id\\\":null,\\\"model_mtl\\\":null,\\\"backimage\\\":\\\"https://stizee.com/default.png\\\",\\\"delivery_amount\\\":\\\"0\\\",\\\"updated_at\\\":\\\"2025-07-24 17:05:34\\\",\\\"price\\\":\\\"765\\\",\\\"created_at\\\":\\\"2025-07-24 17:05:34\\\",\\\"hasText\\\":false,\\\"hasImage\\\":false,\\\"selectedSize\\\":\\\"XL\\\",\\\"imagepath\\\":\\\"/data/user/0/com.example.stizee/cache/customized_product_22_combined_1755354186227.png\\\"},\\\"quantity\\\":1,\\\"customizationOptions\\\":{\\\"hasText\\\":false,\\\"hasImage\\\":false,\\\"selectedSize\\\":\\\"XL\\\",\\\"imagepath\\\":\\\"/data/user/0/com.example.stizee/cache/customized_product_22_combined_1755354186227.png\\\"},\\\"id\\\":1755354190504}],\\\"shipping\\\":{\\\"address\\\":\\\"abuna\\\",\\\"phone\\\":\\\"08074725983\\\",\\\"additionalInfo\\\":\\\"hshah \\\"},\\\"payment\\\":{\\\"subtotal\\\":765.0,\\\"deliveryFee\\\":500.0,\\\"totalAmount\\\":1265.0},\\\"metadata\\\":{\\\"isFromCart\\\":true,\\\"source\\\":\\\"cart\\\"}}\", \"orderDate\": \"2025-08-16T15:26:15.680261\", \"printSizes\": \"[{\\\"index\\\":0,\\\"size\\\":\\\"\\\"}]\", \"paymentStatus\": \"completed\", \"paymentReference\": \"2895035f-0f56-405f-a2de-0e9d3610f084\"}',765.00,NULL,500.00,1265.00,'delivered','2025-08-16 14:26:17','2025-08-16 16:25:31');

--
-- Table structure for table `password_reset_tokens`
--

CREATE TABLE `password_reset_tokens` (
  `email` varchar(255) COLLATE utf8mb4_unicode_ci NOT NULL,
  `token` varchar(255) COLLATE utf8mb4_unicode_ci NOT NULL,
  `created_at` timestamp NULL DEFAULT NULL,
  PRIMARY KEY (`email`)
) ENGINE=InnoDB DEFAULT CHARSET=utf8mb4 COLLATE=utf8mb4_unicode_ci;

--
-- Dumping data for table `password_reset_tokens`
--


--
-- Table structure for table `personal_access_tokens`
--

CREATE TABLE `personal_access_tokens` (
  `id` bigint unsigned NOT NULL AUTO_INCREMENT,
  `tokenable_type` varchar(255) COLLATE utf8mb4_unicode_ci NOT NULL,
  `tokenable_id` bigint unsigned NOT NULL,
  `name` varchar(255) COLLATE utf8mb4_unicode_ci NOT NULL,
  `token` varchar(64) COLLATE utf8mb4_unicode_ci NOT NULL,
  `abilities` text COLLATE utf8mb4_unicode_ci,
  `last_used_at` timestamp NULL DEFAULT NULL,
  `expires_at` timestamp NULL DEFAULT NULL,
  `created_at` timestamp NULL DEFAULT NULL,
  `updated_at` timestamp NULL DEFAULT NULL,
  PRIMARY KEY (`id`),
  UNIQUE KEY `personal_access_tokens_token_unique` (`token`),
  KEY `personal_access_tokens_tokenable_type_tokenable_id_index` (`tokenable_type`,`tokenable_id`)
) ENGINE=InnoDB DEFAULT CHARSET=utf8mb4 COLLATE=utf8mb4_unicode_ci;

--
-- Dumping data for table `personal_access_tokens`
--


--
-- Table structure for table `products`
--

CREATE TABLE `products` (
  `id` int NOT NULL AUTO_INCREMENT,
  `title` text NOT NULL,
  `description` text NOT NULL,
  `qty` varchar(100) NOT NULL DEFAULT '0',
  `category` int NOT NULL,
  `image` varchar(255) DEFAULT '/default.png',
  `color` text,
  `sizes` text,
  `size` varchar(255) NOT NULL,
  `model` text,
  `text_price` varchar(255) DEFAULT NULL,
  `image_price` varchar(255) DEFAULT NULL,
  `merchant_id` int DEFAULT NULL,
  `model_mtl` text,
  `backimage` text,
  `delivery_amount` varchar(255) NOT NULL DEFAULT '0',
  `updated_at` timestamp NULL DEFAULT NULL,
  `price` varchar(100) NOT NULL,
  `created_at` timestamp NOT NULL DEFAULT CURRENT_TIMESTAMP,
  PRIMARY KEY (`id`)
) ENGINE=InnoDB AUTO_INCREMENT=25 DEFAULT CHARSET=utf8mb4 COLLATE=utf8mb4_0900_ai_ci;

--
-- Dumping data for table `products`
--

INSERT INTO `products` VALUES (1,'Summer Collection','Lorem Ipsum is simply dummy text of the printing and typesetting industry. Lorem Ipsum has been the industry\'s standard dummy text ever since the 1500s, when an unknown printer took a galley of type and scrambled it to make a type specimen book. It has survived not only five centuries, but also the leap into electronic typesetting, remaining essentially unchanged. It was popularised in the 1960s with the release of Letraset sheets containing Lorem Ipsum passages, and more recently with desktop publishing software like Aldus PageMaker including versions of Lorem Ipsum.','3',1,'https://mms-images.out.customink.com/mms/images/catalog/colors/176100/views/front.jpg?digest=1741307334',NULL,NULL,'XL','https://stizee.com/model/oversized_t-shirt.glb','200','200',44,'https://stizee.com/model/oversized_t-shirt.glb',NULL,'5000','2025-07-24 17:12:44','500','2025-03-11 15:08:32'),(2,'Winter Edition2','Lorem Ipsum is simply dummy text of the printing and typesetting industry. Lorem Ipsum has been the industry\'s standard dummy text ever since the 1500s, when an unknown printer took a galley of type and scrambled it to make a type specimen book. It has survived not only five centuries, but also the leap into electronic typesetting, remaining essentially unchanged. It was popularised in the 1960s with the release of Letraset sheets containing Lorem Ipsum passages, and more recently with desktop publishing software like Aldus PageMaker including versions of Lorem Ipsum.','3',1,'https://mms-images.out.customink.com/mms/images/catalog/colors/176100/views/front.jpg?digest=1741307334',NULL,NULL,'XXL','https://stizee.com/model/oversized_t-shirt.glb','200','200',44,'https://stizee.com/model/uploads_files_3804428_Shirt.mtl',NULL,'500','2025-06-20 16:35:40','500','2025-03-11 15:08:32'),(3,'Winter Edition','Lorem Ipsum is simply dummy text of the printing and typesetting industry. Lorem Ipsum has been the industry\'s standard dummy text ever since the 1500s, when an unknown printer took a galley of type and scrambled it to make a type specimen book. It has survived not only five centuries, but also the leap into electronic typesetting, remaining essentially unchanged. It was popularised in the 1960s with the release of Letraset sheets containing Lorem Ipsum passages, and more recently with desktop publishing software like Aldus PageMaker including versions of Lorem Ipsum.\r\n\r\n','3',1,'https://mms-images.out.customink.com/mms/images/catalog/colors/176100/views/front.jpg?digest=1741307334',NULL,NULL,'XXL','https://stizee.com/model/oversized_t-shirt.glb','200','200',NULL,'https://stizee.com/model/uploads_files_3804428_Shirt.mtl',NULL,'500',NULL,'500','2025-03-11 15:08:32'),(4,'fgfdfg','g','22',2,'https://stizee.com/uploadedimages/1750329498_6853e89a5cfd9.jpg',NULL,NULL,'XL',NULL,NULL,NULL,NULL,NULL,NULL,'0',NULL,'222','2025-06-19 10:38:19'),(16,'cloth uk','Print you best design','100',2,'https://stizee.com/uploadedimages/1751532443_6866439bdf42c.jpg',NULL,NULL,'XL',NULL,'200','200',44,NULL,NULL,'500',NULL,'200','2025-07-03 08:47:24'),(17,'d','r','22',2,'https://stizee.com/uploadedimages/1752172496_687007d0ba45b.png',NULL,NULL,'XL',NULL,'200','200',44,NULL,NULL,'500',NULL,'111','2025-07-10 18:34:59'),(18,'I don’t r','bbj','50',3,'https://stizee.com/uploadedimages/1752187165_6870411d7e68e.jpg',NULL,NULL,'XL',NULL,'200','200',44,NULL,'https://stizee.com/uploadedimages/1752189311_6870497fdd8fb.jpg','500','2025-07-11 13:44:45','200','2025-07-10 22:39:28'),(19,'test','chai','500',4,'https://stizee.com/uploadedimages/1752496156_6874f81c7d72e.jpg',NULL,NULL,'S',NULL,'200','200',44,NULL,'https://stizee.com/uploadedimages/1752496158_6874f81e8b91f.jpg','500',NULL,'500','2025-07-14 12:29:19'),(20,'nah','Hhh','888',3,'https://stizee.com/uploadedimages/1752501366_68750c76a5e56.jpg',NULL,NULL,'XS',NULL,'200','200',44,NULL,'https://stizee.com/uploadedimages/1752501368_68750c78c4906.png','500','2025-07-14 14:29:38','555','2025-07-14 13:56:09'),(22,'Illum consectetur','Ipsam possimus adip','611',9,'https://stizee.com/uploads/products/1753376734_main_Screenshot 2025-07-24 at 17.18.54.png',NULL,NULL,'XXL',NULL,NULL,NULL,NULL,NULL,'https://stizee.com/default.png','0','2025-07-24 17:05:34','765','2025-07-24 17:05:34'),(24,'test','test','22',2,'https://stizee.com/uploads/products/1754939535_main_book1.JPG',NULL,NULL,'XS',NULL,NULL,NULL,NULL,NULL,NULL,'0',NULL,'22','2025-08-11 19:12:15');

--
-- Table structure for table `rating`
--

CREATE TABLE `rating` (
  `id` int NOT NULL AUTO_INCREMENT,
  `rating` varchar(255) NOT NULL DEFAULT '0',
  `comment` text,
  `userid` int NOT NULL,
  `product` int NOT NULL,
  `created_at` timestamp NOT NULL DEFAULT CURRENT_TIMESTAMP,
  PRIMARY KEY (`id`)
) ENGINE=InnoDB AUTO_INCREMENT=5 DEFAULT CHARSET=utf8mb4 COLLATE=utf8mb4_0900_ai_ci;

--
-- Dumping data for table `rating`
--

INSERT INTO `rating` VALUES (1,'4','jj',44,4,'2025-08-16 15:40:57'),(2,'5','jjj',44,22,'2025-08-16 15:44:52'),(3,'4','nice',44,22,'2025-08-16 16:25:39'),(4,'4','nice',44,16,'2025-08-17 08:26:55');

--
-- Table structure for table `sessions`
--

CREATE TABLE `sessions` (
  `id` varchar(255) COLLATE utf8mb4_unicode_ci NOT NULL,
  `user_id` bigint unsigned DEFAULT NULL,
  `ip_address` varchar(45) COLLATE utf8mb4_unicode_ci DEFAULT NULL,
  `user_agent` text COLLATE utf8mb4_unicode_ci,
  `payload` longtext COLLATE utf8mb4_unicode_ci NOT NULL,
  `last_activity` int NOT NULL,
  PRIMARY KEY (`id`),
  KEY `sessions_user_id_index` (`user_id`),
  KEY `sessions_last_activity_index` (`last_activity`)
) ENGINE=InnoDB DEFAULT CHARSET=utf8mb4 COLLATE=utf8mb4_unicode_ci;

--
-- Dumping data for table `sessions`
--


--
-- Table structure for table `settings`
--

CREATE TABLE `settings` (
  `id` int NOT NULL AUTO_INCREMENT,
  `type` varchar(100) DEFAULT NULL,
  `value` text,
  `created_at` timestamp NOT NULL DEFAULT CURRENT_TIMESTAMP,
  PRIMARY KEY (`id`)
) ENGINE=InnoDB AUTO_INCREMENT=4 DEFAULT CHARSET=utf8mb4 COLLATE=utf8mb4_0900_ai_ci;

--
-- Dumping data for table `settings`
--

INSERT INTO `settings` VALUES (1,'delivery_fee','500','2025-03-20 11:04:27'),(2,'text_price','200','2025-06-19 11:01:39'),(3,'image_price','200','2025-06-19 11:01:39');

--
-- Table structure for table `transactions`
--

CREATE TABLE `transactions` (
  `id` int NOT NULL AUTO_INCREMENT,
  `type` varchar(255) NOT NULL,
  `userid` int NOT NULL,
  `amount` varchar(255) NOT NULL,
  `order_id` varchar(255) CHARACTER SET utf8mb4 COLLATE utf8mb4_0900_ai_ci DEFAULT NULL,
  `updated_at` timestamp NOT NULL DEFAULT CURRENT_TIMESTAMP,
  `status` varchar(255) NOT NULL,
  `tnx_id` varchar(255) NOT NULL,
  `created_at` timestamp NOT NULL DEFAULT CURRENT_TIMESTAMP,
  PRIMARY KEY (`id`)
) ENGINE=InnoDB AUTO_INCREMENT=22 DEFAULT CHARSET=utf8mb4 COLLATE=utf8mb4_0900_ai_ci;

--
-- Dumping data for table `transactions`
--

INSERT INTO `transactions` VALUES (1,'earning',44,'40000','dfbsjkdfbs','2025-08-03 12:55:50','success','32842934234','2025-06-12 21:22:41'),(2,'Withdrawal',44,'20000',NULL,'2025-09-12 22:33:26','pending','WD_6855683d52876','2025-06-20 13:55:10'),(3,'Withdrawal',44,'20000',NULL,'2025-08-03 12:55:50','pending','WD_6855687161cfe','2025-06-20 13:56:04'),(4,'Withdrawal',44,'20000',NULL,'2025-09-12 22:33:51','success','WD_685568f6b4847','2025-06-20 13:58:17'),(5,'earning',44,'1000',NULL,'2025-08-03 12:55:50','pending','606946dc-484b-4db2-9e8d-ca05df365079','2025-06-20 14:53:29'),(6,'earning',44,'20500',NULL,'2025-08-03 12:55:50','pending','459b2a03-5379-4ef2-9979-44d377fc9e87','2025-06-20 15:52:07'),(7,'earning',44,'1000',NULL,'2025-08-03 12:55:50','pending','e2a6794f-39b2-4395-9ae6-a049df26f0ce','2025-06-26 10:09:06'),(8,'earning',44,'500',NULL,'2025-08-03 12:55:50','pending','ffc5ed5b-48ef-4f56-93bb-596a39dd3926','2025-06-26 12:25:15'),(9,'earning',44,'500',NULL,'2025-08-03 12:55:50','pending','ffc5ed5b-48ef-4f56-93bb-596a39dd3926','2025-06-26 12:25:15'),(10,'earning',44,'2222','21','2025-08-03 12:55:50','pending','45bbf513-09a3-48f7-bcfc-f70a3d673182','2025-06-26 12:29:49'),(11,'earning',44,'2222','22','2025-08-03 12:55:50','pending','43972389-f60c-4745-923f-413525fe5400','2025-06-26 12:40:09'),(12,'Withdrawal',44,'33972',NULL,'2025-09-12 22:54:39','failed','WD_685dec3d7b62b','2025-06-27 00:56:32'),(13,'Withdrawal',44,'33972',NULL,'2025-09-12 22:51:04','success','WD_685dec409daa5_APPROVED_1757717463','2025-06-27 00:56:35'),(14,'Withdrawal',44,'33972',NULL,'2025-09-12 22:51:15','success','WD_685dec40a1bb0_APPROVED_1757717474','2025-06-27 00:56:35'),(15,'Withdrawal',44,'33972',NULL,'2025-08-03 12:55:50','success','WD_685dec40c3d8f','2025-06-27 00:56:35'),(16,'earning',44,'1000','23','2025-08-03 12:55:50','pending','b4520eb7-bc52-4def-89ab-96e99a255453','2025-06-30 23:30:34'),(17,'earning',44,'700','24','2025-08-03 12:55:50','pending','3c91bc60-7fbc-4678-aba6-ef4f66fff426','2025-07-03 09:04:06'),(18,'earning',44,'1265','25','2025-08-16 14:23:39','pending','9258fc3d-fcca-43dd-8811-313e929cbd82','2025-08-16 14:23:39'),(19,'earning',44,'1265','27','2025-08-16 14:24:19','pending','2c768aa4-2279-43ed-8672-0c8b76b1a173','2025-08-16 14:24:19'),(20,'earning',44,'1265','29','2025-08-16 14:25:26','pending','78fe316f-539d-415d-89be-72a8c9522b0b','2025-08-16 14:25:26'),(21,'earning',44,'1265','31','2025-08-16 14:26:17','pending','2895035f-0f56-405f-a2de-0e9d3610f084','2025-08-16 14:26:17');

--
-- Table structure for table `type`
--

CREATE TABLE `type` (
  `id` int NOT NULL AUTO_INCREMENT,
  `title` text NOT NULL,
  `created_at` timestamp NOT NULL DEFAULT CURRENT_TIMESTAMP,
  PRIMARY KEY (`id`)
) ENGINE=InnoDB AUTO_INCREMENT=3 DEFAULT CHARSET=utf8mb4 COLLATE=utf8mb4_0900_ai_ci;

--
-- Dumping data for table `type`
--

INSERT INTO `type` VALUES (1,'bag','2025-03-09 13:57:00'),(2,'cloth','2025-03-09 13:57:00');

--
-- Table structure for table `upload_image`
--

CREATE TABLE `upload_image` (
  `id` int NOT NULL AUTO_INCREMENT,
  `file` text,
  `userid` int NOT NULL,
  `backimage` text,
  `created_at` timestamp NOT NULL DEFAULT CURRENT_TIMESTAMP,
  PRIMARY KEY (`id`)
) ENGINE=InnoDB AUTO_INCREMENT=26 DEFAULT CHARSET=utf8mb4 COLLATE=utf8mb4_0900_ai_ci;

--
-- Dumping data for table `upload_image`
--

INSERT INTO `upload_image` VALUES (1,'https://stizee.com/uploadedimages/1752172496_687007d0ba45b.png',44,NULL,'2025-07-10 18:34:56'),(2,'https://stizee.com/uploadedimages/1752172498_687007d22d12b.png',44,NULL,'2025-07-10 18:34:58'),(3,'https://stizee.com/uploadedimages/1752172500_687007d4687d9.png',44,NULL,'2025-07-10 18:35:00'),(4,'https://stizee.com/uploadedimages/1752187165_6870411d7e68e.jpg',44,NULL,'2025-07-10 22:39:25'),(5,'https://stizee.com/uploadedimages/1752187167_6870411f413d7.jpg',44,NULL,'2025-07-10 22:39:27'),(6,'https://stizee.com/uploadedimages/1752187169_687041218c9e5.jpg',44,NULL,'2025-07-10 22:39:29'),(7,'https://stizee.com/uploadedimages/1752187172_68704124168ae.png',44,NULL,'2025-07-10 22:39:32'),(8,'https://stizee.com/uploadedimages/1752188267_6870456b30286.png',44,NULL,'2025-07-10 22:57:47'),(9,'https://stizee.com/uploadedimages/1752188292_687045847c5a4.png',44,NULL,'2025-07-10 22:58:12'),(10,'https://stizee.com/uploadedimages/1752188337_687045b1e57e6.png',44,NULL,'2025-07-10 22:58:57'),(11,'https://stizee.com/uploadedimages/1752188355_687045c3b5ba6.png',44,NULL,'2025-07-10 22:59:15'),(12,'https://stizee.com/uploadedimages/1752188387_687045e342e60.png',44,NULL,'2025-07-10 22:59:47'),(13,'https://stizee.com/uploadedimages/1752188405_687045f5c98dd.jpg',44,NULL,'2025-07-10 23:00:05'),(14,'https://stizee.com/uploadedimages/1752189311_6870497fdd8fb.jpg',44,NULL,'2025-07-10 23:15:11'),(15,'https://stizee.com/uploadedimages/1752189314_6870498261f7b.jpg',44,NULL,'2025-07-10 23:15:14'),(16,'https://stizee.com/uploadedimages/1752241486_6871154ecb8d8.jpg',44,NULL,'2025-07-11 13:44:46'),(17,'https://stizee.com/uploadedimages/1752241488_687115502a42b.png',44,NULL,'2025-07-11 13:44:48'),(18,'https://stizee.com/uploadedimages/1752496156_6874f81c7d72e.jpg',44,NULL,'2025-07-14 12:29:16'),(19,'https://stizee.com/uploadedimages/1752496158_6874f81e8b91f.jpg',44,NULL,'2025-07-14 12:29:18'),(20,'https://stizee.com/uploadedimages/1752496163_6874f823017f9.png',44,NULL,'2025-07-14 12:29:23'),(21,'https://stizee.com/uploadedimages/1752496164_6874f824812be.png',44,NULL,'2025-07-14 12:29:24'),(22,'https://stizee.com/uploadedimages/1752501366_68750c76a5e56.jpg',44,NULL,'2025-07-14 13:56:06'),(23,'https://stizee.com/uploadedimages/1752501368_68750c78c4906.png',44,NULL,'2025-07-14 13:56:08'),(24,'https://stizee.com/uploadedimages/1752501371_68750c7b033c8.jpg',44,NULL,'2025-07-14 13:56:11'),(25,'https://stizee.com/uploadedimages/1752501372_68750c7c970de.jpg',44,NULL,'2025-07-14 13:56:12');

--
-- Table structure for table `users`
--

CREATE TABLE `users` (
  `id` bigint unsigned NOT NULL AUTO_INCREMENT,
  `name` varchar(255) COLLATE utf8mb4_unicode_ci NOT NULL,
  `email` varchar(255) COLLATE utf8mb4_unicode_ci NOT NULL,
  `token` varchar(100) COLLATE utf8mb4_unicode_ci DEFAULT NULL,
  `email_verified_at` timestamp NULL DEFAULT NULL,
  `password` varchar(255) COLLATE utf8mb4_unicode_ci NOT NULL,
  `verified` int DEFAULT NULL,
  `version` varchar(255) COLLATE utf8mb4_unicode_ci DEFAULT NULL,
  `fcm` text COLLATE utf8mb4_unicode_ci,
  `remember_token` varchar(100) COLLATE utf8mb4_unicode_ci DEFAULT NULL,
  `login` int DEFAULT NULL,
  `is_merchant` int DEFAULT NULL,
  `device_token` text COLLATE utf8mb4_unicode_ci,
  `bvn` varchar(255) COLLATE utf8mb4_unicode_ci DEFAULT NULL,
  `account_number` varchar(255) COLLATE utf8mb4_unicode_ci DEFAULT NULL,
  `account_name` varchar(255) COLLATE utf8mb4_unicode_ci DEFAULT NULL,
  `account_bank` varchar(255) COLLATE utf8mb4_unicode_ci DEFAULT NULL,
  `wallet` varchar(255) COLLATE utf8mb4_unicode_ci NOT NULL DEFAULT '0',
  `status` varchar(255) COLLATE utf8mb4_unicode_ci NOT NULL DEFAULT 'active',
  `image` varchar(255) COLLATE utf8mb4_unicode_ci DEFAULT 'https://static.vecteezy.com/system/resources/thumbnails/003/337/584/small/default-avatar-photo-placeholder-profile-icon-vector.jpg',
  `bank_code` varchar(255) COLLATE utf8mb4_unicode_ci DEFAULT NULL,
  `created_at` timestamp NULL DEFAULT CURRENT_TIMESTAMP,
  `updated_at` timestamp NULL DEFAULT NULL,
  PRIMARY KEY (`id`),
  UNIQUE KEY `users_email_unique` (`email`)
) ENGINE=InnoDB AUTO_INCREMENT=51 DEFAULT CHARSET=utf8mb4 COLLATE=utf8mb4_unicode_ci;

--
-- Dumping data for table `users`
--

INSERT INTO `users` VALUES (39,'lucky Joseph','lj.joseph94@gmail.com','4297',NULL,'$2y$12$2kN6CJlngLqe6Ip47ivlZ.cR4cbVQrN9beuDN6InddtSUTtabQKku',1,NULL,NULL,NULL,1,NULL,NULL,NULL,NULL,NULL,NULL,'0','active','https://static.vecteezy.com/system/resources/thumbnails/003/337/584/small/default-avatar-photo-placeholder-profile-icon-vector.jpg',NULL,NULL,NULL),(40,'Mdee','mistamdee@gmail.com','2977',NULL,'$2y$12$..dCwWRRLqffaG1pxazwwe4FgFVVbJoKrMxw7JThx9XQKKdx5xW9G',1,NULL,NULL,NULL,1,NULL,NULL,NULL,NULL,NULL,NULL,'0','active','https://static.vecteezy.com/system/resources/thumbnails/003/337/584/small/default-avatar-photo-placeholder-profile-icon-vector.jpg',NULL,NULL,NULL),(44,'godspower p','allphonesblog@gmail.com','5558',NULL,'$2y$12$6Z4r2JS0gNFGJk4neRZKaOzgGJWzbGz4m1WjlZqfP6lSS6lLRxQCm',1,NULL,'simulator-token-placeholder',NULL,1,1,NULL,NULL,'0037984950','LUCKY  JOSEPH','Stanbic IBTC Bank Plc','499838084','active','https://static.vecteezy.com/system/resources/thumbnails/003/337/584/small/default-avatar-photo-placeholder-profile-icon-vector.jpg','221',NULL,'2025-05-04 02:16:38'),(45,'gp','geezy@gma.com','3177',NULL,'$2y$12$.dp/LlMpX4gBh1J.JyXUeO7QBNoedVzqQqS27GGZSGglhnDB9anRC',NULL,NULL,NULL,NULL,NULL,NULL,NULL,NULL,NULL,NULL,NULL,'0','active','https://static.vecteezy.com/system/resources/thumbnails/003/337/584/small/default-avatar-photo-placeholder-profile-icon-vector.jpg',NULL,NULL,NULL),(46,'shshsh','ididd@gma.co','3352',NULL,'$2y$12$1WsdazqqvnUsHMcjx3olx.IOM38CgSX8GGCx1kIyYi4m6bitNazMy',1,NULL,NULL,NULL,1,NULL,NULL,NULL,NULL,NULL,NULL,'0','active','https://static.vecteezy.com/system/resources/thumbnails/003/337/584/small/default-avatar-photo-placeholder-profile-icon-vector.jpg',NULL,NULL,NULL),(47,'ndndnd','jdjd@gm.com','2094',NULL,'$2y$12$DtQQqBR4YndbUqPypmsc7uIARgfh69CVn8YZ.1c/V5xIKhPJxNOAm',1,NULL,NULL,NULL,1,NULL,NULL,NULL,NULL,NULL,NULL,'0','active','https://static.vecteezy.com/system/resources/thumbnails/003/337/584/small/default-avatar-photo-placeholder-profile-icon-vector.jpg',NULL,NULL,NULL),(48,'Ayomide','dev.ayomide@gmail.com','5960',NULL,'$2y$12$5Zdz3VoNZW53.vPLcbZQ4uIznArfmk.emyXUWBvGtOWhOt8VKkmTu',NULL,NULL,NULL,NULL,NULL,NULL,NULL,NULL,NULL,NULL,NULL,'0','active','https://static.vecteezy.com/system/resources/thumbnails/003/337/584/small/default-avatar-photo-placeholder-profile-icon-vector.jpg',NULL,NULL,NULL),(49,'Lucky joseph','Aishatm915@gmail.com','1681',NULL,'$2y$12$0WZS77sLS0vjV9aNJHPL..ZGTElFxtjgfz.jTAwFezNHzYNLeOCaC',1,NULL,NULL,NULL,1,NULL,NULL,NULL,NULL,NULL,NULL,'0','active','https://static.vecteezy.com/system/resources/thumbnails/003/337/584/small/default-avatar-photo-placeholder-profile-icon-vector.jpg',NULL,NULL,NULL),(50,'yesy','allphoneb@gmail.com','7147',NULL,'$2y$12$DYSr4KCNhc56liTRBEYA9OdvNOU7NIAnBSiN9HfJ1BLaByqxbtE/i',1,NULL,NULL,NULL,1,NULL,NULL,NULL,NULL,NULL,NULL,'0','active','https://static.vecteezy.com/system/resources/thumbnails/003/337/584/small/default-avatar-photo-placeholder-profile-icon-vector.jpg',NULL,NULL,NULL);


